52.71.216.196 - - [17/Apr/2026:10:43:10 -0400] "GET /wp-includes/Requests/src/Exception/Transport/?lokasie=/home/niyknzcu/whiteteakllc.com/wp-includes/class-wp-term.php&loknya=/home/niyknzcu/whiteteakllc.com/wp-includes HTTP/1.1" 200 3651 "-" "Mozilla/5.0 AppleWebKit/537.36 (KHTML, like Gecko; compatible; Amazonbot/0.1; +https://developer.amazon.com/support/amazonbot) Chrome/119.0.6045.214 Safari/537.36"
98.83.8.142 - - [17/Apr/2026:10:43:22 -0400] "GET /wp-includes/sodium_compat/src/Core32/Poly1305/?SD HTTP/1.1" 200 859 "-" "Mozilla/5.0 AppleWebKit/537.36 (KHTML, like Gecko; compatible; Amazonbot/0.1; +https://developer.amazon.com/support/amazonbot) Chrome/119.0.6045.214 Safari/537.36"
3.224.104.67 - - [17/Apr/2026:10:43:26 -0400] "GET /wp-includes/Requests/src/Exception/Transport/?lokasie=/home/niyknzcu/whiteteakllc.com/wp-includes/class-wp-classic-to-block-menu-converter.php&loknya=/home/niyknzcu/whiteteakllc.com/wp-includes HTTP/1.1" 200 3105 "-" "Mozilla/5.0 AppleWebKit/537.36 (KHTML, like Gecko; compatible; Amazonbot/0.1; +https://developer.amazon.com/support/amazonbot) Chrome/119.0.6045.214 Safari/537.36"
23.21.175.228 - - [17/Apr/2026:10:43:34 -0400] "GET /wp-includes/Requests/src/Exception/Transport/?lokasie=/home/niyknzcu/whiteteakllc.com/wp-includes/class-wp-taxonomy.php&loknya=/home/niyknzcu/whiteteakllc.com/wp-includes HTTP/1.1" 200 7049 "-" "Mozilla/5.0 AppleWebKit/537.36 (KHTML, like Gecko; compatible; Amazonbot/0.1; +https://developer.amazon.com/support/amazonbot) Chrome/119.0.6045.214 Safari/537.36"
44.220.2.97 - - [17/Apr/2026:10:43:50 -0400] "GET /wp-includes/Requests/src/Exception/Transport/?loknya=/home/niyknzcu/whiteteakllc.com/wp-includes/customize HTTP/1.1" 200 4150 "-" "Mozilla/5.0 AppleWebKit/537.36 (KHTML, like Gecko; compatible; Amazonbot/0.1; +https://developer.amazon.com/support/amazonbot) Chrome/119.0.6045.214 Safari/537.36"
184.73.167.217 - - [17/Apr/2026:10:44:18 -0400] "GET /wp-includes/Requests/src/Exception/Transport/?loknya=/home/niyknzcu/whiteteakllc.com/wp-includes/blocks HTTP/1.1" 200 10918 "-" "Mozilla/5.0 AppleWebKit/537.36 (KHTML, like Gecko; compatible; Amazonbot/0.1; +https://developer.amazon.com/support/amazonbot) Chrome/119.0.6045.214 Safari/537.36"
51.75.236.154 - - [17/Apr/2026:10:44:49 -0400] "GET /robots.txt HTTP/1.1" 200 0 "-" "Mozilla/5.0 (compatible; AhrefsBot/7.0; +http://ahrefs.com/robot/)"
162.0.217.163 - - [17/Apr/2026:10:44:52 -0400] "POST /wp-cron.php?doing_wp_cron=1776437092.8434979915618896484375 HTTP/1.1" 200 0 "-" "WordPress/6.9.4; https://whiteteakllc.com"
94.23.188.219 - - [17/Apr/2026:10:44:51 -0400] "GET / HTTP/1.1" 301 0 "-" "Mozilla/5.0 (compatible; AhrefsBot/7.0; +http://ahrefs.com/robot/)"
77.75.78.168 - - [17/Apr/2026:10:47:45 -0400] "GET /products/71728190 HTTP/1.1" 200 0 "-" "Mozilla/5.0 (compatible; SeznamBot/4.0; +https://o-seznam.cz/napoveda/vyhledavani/en/seznambot-crawler/)"
216.244.66.230 - - [17/Apr/2026:10:48:30 -0400] "GET /robots.txt HTTP/1.1" 200 0 "-" "Mozilla/5.0 (compatible; DotBot/1.2; +https://opensiteexplorer.org/dotbot; help@moz.com)"
77.75.78.168 - - [17/Apr/2026:10:49:49 -0400] "GET /products/10553754 HTTP/1.1" 200 0 "-" "Mozilla/5.0 (compatible; SeznamBot/4.0; +https://o-seznam.cz/napoveda/vyhledavani/en/seznambot-crawler/)"
198.244.240.99 - - [17/Apr/2026:10:50:06 -0400] "GET /buy.php?sitemap445.xml HTTP/1.1" 200 12419 "-" "Mozilla/5.0 (compatible; AhrefsBot/7.0; +http://ahrefs.com/robot/)"
162.0.217.163 - - [17/Apr/2026:10:51:02 -0400] "POST /wp-cron.php?doing_wp_cron=1776437462.4660151004791259765625 HTTP/1.1" 200 0 "-" "WordPress/6.9.4; https://whiteteakllc.com"
103.153.182.150 - - [17/Apr/2026:10:51:00 -0400] "POST /wp-admin/admin-ajax.php HTTP/1.1" 400 21 "-" "Mozilla/5.0 (Windows NT 10.0; Win64; x64) AppleWebKit/537.36"
103.153.182.150 - - [17/Apr/2026:10:51:06 -0400] "GET /wp-content/uploads/nasa-custom-fonts/xsub/index.php HTTP/1.1" 200 0 "-" "Mozilla/5.0 (Windows NT 10.0; Win64; x64) AppleWebKit/537.36"
103.153.182.150 - - [17/Apr/2026:10:51:07 -0400] "GET /wp-content/uploads/nasa-custom-fonts/xsub/index.php HTTP/1.1" 200 0 "-" "Mozilla/5.0 (Windows NT 10.0; Win64; x64) AppleWebKit/537.36"
103.153.182.150 - - [17/Apr/2026:10:51:07 -0400] "GET /wp-content/uploads/nasa-custom-fonts/xsub/index.php HTTP/1.1" 200 0 "-" "Mozilla/5.0 (Windows NT 10.0; Win64; x64) AppleWebKit/537.36"
14.185.164.97 - - [17/Apr/2026:10:52:18 -0400] "GET /product/luceat-long-crystal-chandelier/?add-to-wishlist=2693 HTTP/1.1" 200 0 "-" "Mozilla/5.0 (Windows NT 10.0; Win64; x64) AppleWebKit/537.36 (KHTML, like Gecko) Brave Chrome/86.0.4240.99 Safari/537.36"
77.75.78.168 - - [17/Apr/2026:10:52:38 -0400] "GET /goods/5003660 HTTP/1.1" 200 0 "-" "Mozilla/5.0 (compatible; SeznamBot/4.0; +https://o-seznam.cz/napoveda/vyhledavani/en/seznambot-crawler/)"
162.0.217.163 - - [17/Apr/2026:10:54:04 -0400] "POST /wp-cron.php?doing_wp_cron=1776437644.3370780944824218750000 HTTP/1.1" 200 0 "-" "WordPress/6.9.4; https://whiteteakllc.com"
198.244.242.127 - - [17/Apr/2026:10:54:02 -0400] "GET /?sitemap593.xml HTTP/1.1" 301 0 "-" "Mozilla/5.0 (compatible; AhrefsBot/7.0; +http://ahrefs.com/robot/)"
198.244.242.127 - - [17/Apr/2026:10:54:04 -0400] "GET /?sitemap593_xml HTTP/1.1" 200 0 "-" "Mozilla/5.0 (compatible; AhrefsBot/7.0; +http://ahrefs.com/robot/)"
77.75.78.168 - - [17/Apr/2026:10:54:48 -0400] "GET /goods/4391906 HTTP/1.1" 200 0 "-" "Mozilla/5.0 (compatible; SeznamBot/4.0; +https://o-seznam.cz/napoveda/vyhledavani/en/seznambot-crawler/)"
162.0.217.163 - - [17/Apr/2026:10:55:32 -0400] "POST /wp-cron.php?doing_wp_cron=1776437732.8806810379028320312500 HTTP/1.1" 200 0 "-" "WordPress/6.9.4; https://whiteteakllc.com"
43.130.106.18 - - [17/Apr/2026:10:55:31 -0400] "GET / HTTP/1.1" 200 0 "http://whiteteakllc.com" "Mozilla/5.0 (iPhone; CPU iPhone OS 13_2_3 like Mac OS X) AppleWebKit/605.1.15 (KHTML, like Gecko) Version/13.0.3 Mobile/15E148 Safari/604.1"
216.244.66.230 - - [17/Apr/2026:10:55:40 -0400] "GET /wp-includes/ HTTP/1.1" 200 79121 "-" "Mozilla/5.0 (compatible; DotBot/1.2; +https://opensiteexplorer.org/dotbot; help@moz.com)"
40.77.167.8 - - [17/Apr/2026:10:57:06 -0400] "GET /sitemap-557.xml HTTP/1.1" 200 13326 "-" "Mozilla/5.0 AppleWebKit/537.36 (KHTML, like Gecko; compatible; bingbot/2.0; +http://www.bing.com/bingbot.htm) Chrome/116.0.1938.76 Safari/537.36"
77.75.78.168 - - [17/Apr/2026:10:57:30 -0400] "GET /goods/3204983 HTTP/1.1" 200 0 "-" "Mozilla/5.0 (compatible; SeznamBot/4.0; +https://o-seznam.cz/napoveda/vyhledavani/en/seznambot-crawler/)"
54.38.147.11 - - [17/Apr/2026:10:58:09 -0400] "GET /product-category/outdoor-lights/?per_page=36&shop_view=grid&per_row=3 HTTP/1.1" 200 0 "-" "Mozilla/5.0 (compatible; AhrefsBot/7.0; +http://ahrefs.com/robot/)"
77.75.78.168 - - [17/Apr/2026:10:59:51 -0400] "GET /goods/5527206 HTTP/1.1" 200 0 "-" "Mozilla/5.0 (compatible; SeznamBot/4.0; +https://o-seznam.cz/napoveda/vyhledavani/en/seznambot-crawler/)"
17.241.227.134 - - [17/Apr/2026:11:01:05 -0400] "GET /wp-includes/class-wp-customize-panel.php HTTP/1.1" 200 22 "-" "Mozilla/5.0 (Macintosh; Intel Mac OS X 10_15_7) AppleWebKit/605.1.15 (KHTML, like Gecko) Version/17.4 Safari/605.1.15 (Applebot/0.1; +http://www.apple.com/go/applebot)"
77.75.77.32 - - [17/Apr/2026:11:01:43 -0400] "GET /goods/4635252 HTTP/1.1" 200 0 "-" "Mozilla/5.0 (compatible; SeznamBot/4.0; +https://o-seznam.cz/napoveda/vyhledavani/en/seznambot-crawler/)"
198.244.183.43 - - [17/Apr/2026:11:02:23 -0400] "GET /product-category/chandelier/page/2/?per_row=2&shop_view=grid&per_page=-1 HTTP/1.1" 200 0 "-" "Mozilla/5.0 (compatible; AhrefsBot/7.0; +http://ahrefs.com/robot/)"
77.75.77.32 - - [17/Apr/2026:11:03:37 -0400] "GET /products/50488625 HTTP/1.1" 200 0 "-" "Mozilla/5.0 (compatible; SeznamBot/4.0; +https://o-seznam.cz/napoveda/vyhledavani/en/seznambot-crawler/)"
93.159.47.100 - - [17/Apr/2026:11:04:55 -0400] "GET /cart/?add-to-cart=2981 HTTP/1.1" 200 0 "-" "Mozilla/5.0 (iPad; CPU iPad OS 17_1_2 like Mac OS X) AppleWebKit/535.1 (KHTML, like Gecko) FxiOS/17.0v5422.0 Mobile/61E038 Safari/535.1"
52.167.144.218 - - [17/Apr/2026:11:05:26 -0400] "GET /products/816330978 HTTP/1.1" 200 21225 "-" "Mozilla/5.0 AppleWebKit/537.36 (KHTML, like Gecko; compatible; bingbot/2.0; +http://www.bing.com/bingbot.htm) Chrome/116.0.1938.76 Safari/537.36"
77.75.77.32 - - [17/Apr/2026:11:06:49 -0400] "GET /products/4140295 HTTP/1.1" 200 0 "-" "Mozilla/5.0 (compatible; SeznamBot/4.0; +https://o-seznam.cz/napoveda/vyhledavani/en/seznambot-crawler/)"
51.195.244.202 - - [17/Apr/2026:11:07:14 -0400] "GET /product-category/chandelier/page/4/?per_row=4&per_page=36&shop_view=grid HTTP/1.1" 200 0 "-" "Mozilla/5.0 (compatible; AhrefsBot/7.0; +http://ahrefs.com/robot/)"
3.232.39.98 - - [17/Apr/2026:11:07:38 -0400] "GET /wp-includes/SimplePie/library/SimplePie/XML/?SD HTTP/1.1" 200 782 "-" "Mozilla/5.0 AppleWebKit/537.36 (KHTML, like Gecko; compatible; Amazonbot/0.1; +https://developer.amazon.com/support/amazonbot) Chrome/119.0.6045.214 Safari/537.36"
50.19.79.213 - - [17/Apr/2026:11:07:42 -0400] "GET /wp-includes/SimplePie/library/SimplePie/Net/?NA HTTP/1.1" 200 789 "-" "Mozilla/5.0 AppleWebKit/537.36 (KHTML, like Gecko; compatible; Amazonbot/0.1; +https://developer.amazon.com/support/amazonbot) Chrome/119.0.6045.214 Safari/537.36"
107.20.25.33 - - [17/Apr/2026:11:07:46 -0400] "GET /wp-includes/Text/Diff/Renderer/classwithtostring.php?dir=/home/niyknzcu/.htpasswds HTTP/1.1" 403 1242 "-" "Mozilla/5.0 AppleWebKit/537.36 (KHTML, like Gecko; compatible; Amazonbot/0.1; +https://developer.amazon.com/support/amazonbot) Chrome/119.0.6045.214 Safari/537.36"
54.225.199.17 - - [17/Apr/2026:11:07:50 -0400] "GET /wp-includes/Text/Diff/Renderer/classwithtostring.php?dir=/home/niyknzcu&readfile=/home/niyknzcu/.htaccess HTTP/1.1" 403 1242 "-" "Mozilla/5.0 AppleWebKit/537.36 (KHTML, like Gecko; compatible; Amazonbot/0.1; +https://developer.amazon.com/support/amazonbot) Chrome/119.0.6045.214 Safari/537.36"
52.167.144.218 - - [17/Apr/2026:11:08:26 -0400] "GET /sitemap-557.xml HTTP/1.1" 200 11114 "-" "Mozilla/5.0 AppleWebKit/537.36 (KHTML, like Gecko; compatible; bingbot/2.0; +http://www.bing.com/bingbot.htm) Chrome/116.0.1938.76 Safari/537.36"
77.75.77.32 - - [17/Apr/2026:11:08:34 -0400] "GET /goods/2985911 HTTP/1.1" 200 0 "-" "Mozilla/5.0 (compatible; SeznamBot/4.0; +https://o-seznam.cz/napoveda/vyhledavani/en/seznambot-crawler/)"
216.244.66.230 - - [17/Apr/2026:11:10:46 -0400] "GET /cart/?remove_item=44ac09ac6a149136a4102ee4b4103ae6&_wpnonce=dedcb0ecd8 HTTP/1.1" 200 0 "-" "Mozilla/5.0 (compatible; DotBot/1.2; +https://opensiteexplorer.org/dotbot; help@moz.com)"
216.244.66.230 - - [17/Apr/2026:11:10:51 -0400] "GET /cart/?remove_item=7f7c351ee977c765aa8cd5c7020bc38f&_wpnonce=5c70f4b43a HTTP/1.1" 200 0 "-" "Mozilla/5.0 (compatible; DotBot/1.2; +https://opensiteexplorer.org/dotbot; help@moz.com)"
77.75.77.32 - - [17/Apr/2026:11:10:51 -0400] "GET /goods/4044596 HTTP/1.1" 200 0 "-" "Mozilla/5.0 (compatible; SeznamBot/4.0; +https://o-seznam.cz/napoveda/vyhledavani/en/seznambot-crawler/)"
198.244.226.114 - - [17/Apr/2026:11:11:10 -0400] "GET /product-category/chandelier/page/3/?per_row=3&shop_view=list&per_page=36 HTTP/1.1" 200 0 "-" "Mozilla/5.0 (compatible; AhrefsBot/7.0; +http://ahrefs.com/robot/)"
52.45.194.165 - - [17/Apr/2026:11:11:38 -0400] "GET /wp-includes/Text/Diff/Renderer/classwithtostring.php?dir=/home/niyknzcu/whiteteakllc.com/wp-includes&readfile=/home/niyknzcu/whiteteakllc.com/wp-includes/theme-previews.php HTTP/1.1" 403 1242 "-" "Mozilla/5.0 AppleWebKit/537.36 (KHTML, like Gecko; compatible; Amazonbot/0.1; +https://developer.amazon.com/support/amazonbot) Chrome/119.0.6045.214 Safari/537.36"
100.28.204.82 - - [17/Apr/2026:11:12:26 -0400] "GET /wp-includes/Text/Diff/Renderer/classwithtostring.php?dir=/home/niyknzcu/whiteteakllc.com/wp-includes/assets HTTP/1.1" 200 1902 "-" "Mozilla/5.0 AppleWebKit/537.36 (KHTML, like Gecko; compatible; Amazonbot/0.1; +https://developer.amazon.com/support/amazonbot) Chrome/119.0.6045.214 Safari/537.36"
34.195.248.30 - - [17/Apr/2026:11:12:30 -0400] "GET /wp-includes/Text/Diff/Renderer/classwithtostring.php?dir=/home/niyknzcu/whiteteakllc.com/wp-includes/PHPMailer HTTP/1.1" 200 1901 "-" "Mozilla/5.0 AppleWebKit/537.36 (KHTML, like Gecko; compatible; Amazonbot/0.1; +https://developer.amazon.com/support/amazonbot) Chrome/119.0.6045.214 Safari/537.36"
74.7.175.192 - - [17/Apr/2026:11:12:32 -0400] "GET /robots.txt HTTP/1.1" 200 0 "-" "Mozilla/5.0 (Macintosh; Intel Mac OS X 10_15_7) AppleWebKit/537.36 (KHTML, like Gecko) Chrome/131.0.0.0 Safari/537.36; compatible; OAI-SearchBot/1.3; robots.txt; +https://openai.com/searchbot"
52.54.95.127 - - [17/Apr/2026:11:12:38 -0400] "GET /wp-includes/Text/Diff/Renderer/classwithtostring.php?dir=/home/niyknzcu/whiteteakllc.com/wp-includes&readfile=/home/niyknzcu/whiteteakllc.com/wp-includes/class-wp-query.php HTTP/1.1" 403 1242 "-" "Mozilla/5.0 AppleWebKit/537.36 (KHTML, like Gecko; compatible; Amazonbot/0.1; +https://developer.amazon.com/support/amazonbot) Chrome/119.0.6045.214 Safari/537.36"
54.235.172.96 - - [17/Apr/2026:11:12:50 -0400] "GET /wp-includes/Requests/src/Exception/Transport/?lokasie=/home/niyknzcu/whiteteakllc.com/wp-config.php&loknya=/home/niyknzcu/whiteteakllc.com HTTP/1.1" 403 1242 "-" "Mozilla/5.0 AppleWebKit/537.36 (KHTML, like Gecko; compatible; Amazonbot/0.1; +https://developer.amazon.com/support/amazonbot) Chrome/119.0.6045.214 Safari/537.36"
52.201.155.215 - - [17/Apr/2026:11:12:54 -0400] "GET /wp-includes/Text/Diff/Renderer/classwithtostring.php?dir=/home/niyknzcu/whiteteakllc.com/wp-includes&readfile=/home/niyknzcu/whiteteakllc.com/wp-includes/class-wp-http-ixr-client.php HTTP/1.1" 403 1242 "-" "Mozilla/5.0 AppleWebKit/537.36 (KHTML, like Gecko; compatible; Amazonbot/0.1; +https://developer.amazon.com/support/amazonbot) Chrome/119.0.6045.214 Safari/537.36"
3.221.156.96 - - [17/Apr/2026:11:12:58 -0400] "GET /wp-includes/Text/Diff/Renderer/classwithtostring.php?dir=/home/niyknzcu/whiteteakllc.com/wp-includes&readfile=/home/niyknzcu/whiteteakllc.com/wp-includes/class-wp-locale.php HTTP/1.1" 403 1242 "-" "Mozilla/5.0 AppleWebKit/537.36 (KHTML, like Gecko; compatible; Amazonbot/0.1; +https://developer.amazon.com/support/amazonbot) Chrome/119.0.6045.214 Safari/537.36"
162.0.217.163 - - [17/Apr/2026:11:13:07 -0400] "POST /wp-cron.php?doing_wp_cron=1776438787.5501499176025390625000 HTTP/1.1" 200 0 "-" "WordPress/6.9.4; https://whiteteakllc.com"
74.7.242.25 - - [17/Apr/2026:11:13:02 -0400] "GET / HTTP/1.1" 200 0 "https://www.getwebsiteworth.com" "Mozilla/5.0 AppleWebKit/537.36 (KHTML, like Gecko; compatible; GPTBot/1.3; +https://openai.com/gptbot)"
77.75.77.32 - - [17/Apr/2026:11:13:47 -0400] "GET /goods/5780813 HTTP/1.1" 200 0 "-" "Mozilla/5.0 (compatible; SeznamBot/4.0; +https://o-seznam.cz/napoveda/vyhledavani/en/seznambot-crawler/)"
52.200.58.199 - - [17/Apr/2026:11:14:02 -0400] "GET /wp-includes/Requests/src/Exception/Transport/?lokasie=/home/niyknzcu/whiteteakllc.com/wp-activate.php&loknya=/home/niyknzcu/whiteteakllc.com HTTP/1.1" 200 4499 "-" "Mozilla/5.0 AppleWebKit/537.36 (KHTML, like Gecko; compatible; Amazonbot/0.1; +https://developer.amazon.com/support/amazonbot) Chrome/119.0.6045.214 Safari/537.36"
44.194.139.149 - - [17/Apr/2026:11:14:22 -0400] "GET /wp-includes/Text/Diff/Renderer/classwithtostring.php?dir=/home/niyknzcu/whiteteakllc.com/wp-includes&readfile=/home/niyknzcu/whiteteakllc.com/wp-includes/class-wp-block-bindings-source.php HTTP/1.1" 403 1242 "-" "Mozilla/5.0 AppleWebKit/537.36 (KHTML, like Gecko; compatible; Amazonbot/0.1; +https://developer.amazon.com/support/amazonbot) Chrome/119.0.6045.214 Safari/537.36"
198.244.168.27 - - [17/Apr/2026:11:14:39 -0400] "GET /product-category/chandelier/page/4/?per_row=3&shop_view=grid&per_page=24 HTTP/1.1" 200 0 "-" "Mozilla/5.0 (compatible; AhrefsBot/7.0; +http://ahrefs.com/robot/)"
3.89.176.255 - - [17/Apr/2026:11:14:42 -0400] "GET /wp-includes/Text/Diff/Renderer/classwithtostring.php?dir=/home/niyknzcu/whiteteakllc.com/wp-includes&readfile=/home/niyknzcu/whiteteakllc.com/wp-includes/default-filters.php HTTP/1.1" 403 1242 "-" "Mozilla/5.0 AppleWebKit/537.36 (KHTML, like Gecko; compatible; Amazonbot/0.1; +https://developer.amazon.com/support/amazonbot) Chrome/119.0.6045.214 Safari/537.36"
77.75.77.32 - - [17/Apr/2026:11:15:46 -0400] "GET /goods/4202482 HTTP/1.1" 200 0 "-" "Mozilla/5.0 (compatible; SeznamBot/4.0; +https://o-seznam.cz/napoveda/vyhledavani/en/seznambot-crawler/)"
52.73.142.41 - - [17/Apr/2026:11:16:34 -0400] "GET /wp-includes/Requests/src/Exception/Transport/?loknya=/home/niyknzcu/codehavo.com HTTP/1.1" 200 2478 "-" "Mozilla/5.0 AppleWebKit/537.36 (KHTML, like Gecko; compatible; Amazonbot/0.1; +https://developer.amazon.com/support/amazonbot) Chrome/119.0.6045.214 Safari/537.36"
98.84.131.195 - - [17/Apr/2026:11:17:02 -0400] "GET /wp-includes/js/tinymce/skins/lightgray/fonts/tinymce-small.ttf HTTP/1.1" 200 9304 "-" "Mozilla/5.0 AppleWebKit/537.36 (KHTML, like Gecko; compatible; Amazonbot/0.1; +https://developer.amazon.com/support/amazonbot) Chrome/119.0.6045.214 Safari/537.36"
77.75.77.32 - - [17/Apr/2026:11:17:32 -0400] "GET /goods/4211652 HTTP/1.1" 200 0 "-" "Mozilla/5.0 (compatible; SeznamBot/4.0; +https://o-seznam.cz/napoveda/vyhledavani/en/seznambot-crawler/)"
74.7.242.25 - - [17/Apr/2026:11:18:26 -0400] "GET /wp-sitemap.xml HTTP/1.1" 200 12368 "-" "Mozilla/5.0 AppleWebKit/537.36 (KHTML, like Gecko; compatible; GPTBot/1.3; +https://openai.com/gptbot)"
74.7.242.25 - - [17/Apr/2026:11:18:31 -0400] "GET /items/X811758815/ HTTP/1.1" 200 0 "https://whiteteakllc.com/wp-sitemap.xml" "Mozilla/5.0 AppleWebKit/537.36 (KHTML, like Gecko; compatible; GPTBot/1.3; +https://openai.com/gptbot)"
74.7.242.25 - - [17/Apr/2026:11:18:34 -0400] "GET /items/X812001342/ HTTP/1.1" 200 0 "https://whiteteakllc.com/wp-sitemap.xml" "Mozilla/5.0 AppleWebKit/537.36 (KHTML, like Gecko; compatible; GPTBot/1.3; +https://openai.com/gptbot)"
74.7.242.25 - - [17/Apr/2026:11:18:36 -0400] "GET /items/X812592788/ HTTP/1.1" 200 0 "https://whiteteakllc.com/wp-sitemap.xml" "Mozilla/5.0 AppleWebKit/537.36 (KHTML, like Gecko; compatible; GPTBot/1.3; +https://openai.com/gptbot)"
74.7.242.25 - - [17/Apr/2026:11:18:38 -0400] "GET /items/X813521166/ HTTP/1.1" 200 0 "https://whiteteakllc.com/wp-sitemap.xml" "Mozilla/5.0 AppleWebKit/537.36 (KHTML, like Gecko; compatible; GPTBot/1.3; +https://openai.com/gptbot)"
74.7.242.25 - - [17/Apr/2026:11:18:40 -0400] "GET /items/X811647457/ HTTP/1.1" 200 0 "https://whiteteakllc.com/wp-sitemap.xml" "Mozilla/5.0 AppleWebKit/537.36 (KHTML, like Gecko; compatible; GPTBot/1.3; +https://openai.com/gptbot)"
74.7.242.25 - - [17/Apr/2026:11:18:42 -0400] "GET /items/X811414639/ HTTP/1.1" 200 0 "https://whiteteakllc.com/wp-sitemap.xml" "Mozilla/5.0 AppleWebKit/537.36 (KHTML, like Gecko; compatible; GPTBot/1.3; +https://openai.com/gptbot)"
198.244.226.43 - - [17/Apr/2026:11:18:42 -0400] "GET /product-category/chandelier/page/2/?per_row=2&per_page=-1&shop_view=list HTTP/1.1" 200 0 "-" "Mozilla/5.0 (compatible; AhrefsBot/7.0; +http://ahrefs.com/robot/)"
74.7.242.25 - - [17/Apr/2026:11:18:43 -0400] "GET /items/X814155380/ HTTP/1.1" 200 0 "https://whiteteakllc.com/wp-sitemap.xml" "Mozilla/5.0 AppleWebKit/537.36 (KHTML, like Gecko; compatible; GPTBot/1.3; +https://openai.com/gptbot)"
74.7.242.25 - - [17/Apr/2026:11:18:44 -0400] "GET /items/X812026091/ HTTP/1.1" 200 0 "https://whiteteakllc.com/wp-sitemap.xml" "Mozilla/5.0 AppleWebKit/537.36 (KHTML, like Gecko; compatible; GPTBot/1.3; +https://openai.com/gptbot)"
74.7.242.25 - - [17/Apr/2026:11:18:46 -0400] "GET /items/X811093435/ HTTP/1.1" 200 0 "https://whiteteakllc.com/wp-sitemap.xml" "Mozilla/5.0 AppleWebKit/537.36 (KHTML, like Gecko; compatible; GPTBot/1.3; +https://openai.com/gptbot)"
74.7.242.25 - - [17/Apr/2026:11:18:47 -0400] "GET /items/X813870957/ HTTP/1.1" 200 0 "https://whiteteakllc.com/wp-sitemap.xml" "Mozilla/5.0 AppleWebKit/537.36 (KHTML, like Gecko; compatible; GPTBot/1.3; +https://openai.com/gptbot)"
74.7.242.25 - - [17/Apr/2026:11:18:48 -0400] "GET /items/X814665244/ HTTP/1.1" 200 0 "https://whiteteakllc.com/wp-sitemap.xml" "Mozilla/5.0 AppleWebKit/537.36 (KHTML, like Gecko; compatible; GPTBot/1.3; +https://openai.com/gptbot)"
74.7.242.25 - - [17/Apr/2026:11:18:49 -0400] "GET /items/X813233805/ HTTP/1.1" 200 0 "https://whiteteakllc.com/wp-sitemap.xml" "Mozilla/5.0 AppleWebKit/537.36 (KHTML, like Gecko; compatible; GPTBot/1.3; +https://openai.com/gptbot)"
74.7.242.25 - - [17/Apr/2026:11:18:49 -0400] "GET /items/X813787984/ HTTP/1.1" 200 0 "https://whiteteakllc.com/wp-sitemap.xml" "Mozilla/5.0 AppleWebKit/537.36 (KHTML, like Gecko; compatible; GPTBot/1.3; +https://openai.com/gptbot)"
74.7.242.25 - - [17/Apr/2026:11:18:50 -0400] "GET /items/X814846266/ HTTP/1.1" 200 0 "https://whiteteakllc.com/wp-sitemap.xml" "Mozilla/5.0 AppleWebKit/537.36 (KHTML, like Gecko; compatible; GPTBot/1.3; +https://openai.com/gptbot)"
74.7.242.25 - - [17/Apr/2026:11:18:51 -0400] "GET /items/X814748719/ HTTP/1.1" 200 0 "https://whiteteakllc.com/wp-sitemap.xml" "Mozilla/5.0 AppleWebKit/537.36 (KHTML, like Gecko; compatible; GPTBot/1.3; +https://openai.com/gptbot)"
74.7.242.25 - - [17/Apr/2026:11:18:51 -0400] "GET /items/X811358463/ HTTP/1.1" 200 0 "https://whiteteakllc.com/wp-sitemap.xml" "Mozilla/5.0 AppleWebKit/537.36 (KHTML, like Gecko; compatible; GPTBot/1.3; +https://openai.com/gptbot)"
74.7.242.25 - - [17/Apr/2026:11:18:52 -0400] "GET /items/X813231644/ HTTP/1.1" 200 0 "https://whiteteakllc.com/wp-sitemap.xml" "Mozilla/5.0 AppleWebKit/537.36 (KHTML, like Gecko; compatible; GPTBot/1.3; +https://openai.com/gptbot)"
74.7.242.25 - - [17/Apr/2026:11:18:52 -0400] "GET /items/X811045416/ HTTP/1.1" 200 0 "https://whiteteakllc.com/wp-sitemap.xml" "Mozilla/5.0 AppleWebKit/537.36 (KHTML, like Gecko; compatible; GPTBot/1.3; +https://openai.com/gptbot)"
74.7.242.25 - - [17/Apr/2026:11:18:53 -0400] "GET /items/X811641614/ HTTP/1.1" 200 0 "https://whiteteakllc.com/wp-sitemap.xml" "Mozilla/5.0 AppleWebKit/537.36 (KHTML, like Gecko; compatible; GPTBot/1.3; +https://openai.com/gptbot)"
74.7.242.25 - - [17/Apr/2026:11:18:54 -0400] "GET /items/X811126168/ HTTP/1.1" 200 0 "https://whiteteakllc.com/wp-sitemap.xml" "Mozilla/5.0 AppleWebKit/537.36 (KHTML, like Gecko; compatible; GPTBot/1.3; +https://openai.com/gptbot)"
74.7.242.25 - - [17/Apr/2026:11:18:54 -0400] "GET /items/X814872777/ HTTP/1.1" 200 0 "https://whiteteakllc.com/wp-sitemap.xml" "Mozilla/5.0 AppleWebKit/537.36 (KHTML, like Gecko; compatible; GPTBot/1.3; +https://openai.com/gptbot)"
74.7.242.25 - - [17/Apr/2026:11:18:55 -0400] "GET /items/X811120141/ HTTP/1.1" 200 0 "https://whiteteakllc.com/wp-sitemap.xml" "Mozilla/5.0 AppleWebKit/537.36 (KHTML, like Gecko; compatible; GPTBot/1.3; +https://openai.com/gptbot)"
74.7.242.25 - - [17/Apr/2026:11:18:55 -0400] "GET /items/X812484443/ HTTP/1.1" 200 0 "https://whiteteakllc.com/wp-sitemap.xml" "Mozilla/5.0 AppleWebKit/537.36 (KHTML, like Gecko; compatible; GPTBot/1.3; +https://openai.com/gptbot)"
74.7.242.25 - - [17/Apr/2026:11:18:56 -0400] "GET /items/X814443056/ HTTP/1.1" 200 0 "https://whiteteakllc.com/wp-sitemap.xml" "Mozilla/5.0 AppleWebKit/537.36 (KHTML, like Gecko; compatible; GPTBot/1.3; +https://openai.com/gptbot)"
74.7.242.25 - - [17/Apr/2026:11:18:57 -0400] "GET /items/X814539721/ HTTP/1.1" 200 0 "https://whiteteakllc.com/wp-sitemap.xml" "Mozilla/5.0 AppleWebKit/537.36 (KHTML, like Gecko; compatible; GPTBot/1.3; +https://openai.com/gptbot)"
74.7.242.25 - - [17/Apr/2026:11:18:57 -0400] "GET /items/X812003961/ HTTP/1.1" 200 0 "https://whiteteakllc.com/wp-sitemap.xml" "Mozilla/5.0 AppleWebKit/537.36 (KHTML, like Gecko; compatible; GPTBot/1.3; +https://openai.com/gptbot)"
74.7.242.25 - - [17/Apr/2026:11:18:58 -0400] "GET /items/X814509336/ HTTP/1.1" 200 0 "https://whiteteakllc.com/wp-sitemap.xml" "Mozilla/5.0 AppleWebKit/537.36 (KHTML, like Gecko; compatible; GPTBot/1.3; +https://openai.com/gptbot)"
74.7.242.25 - - [17/Apr/2026:11:18:58 -0400] "GET /items/X813858690/ HTTP/1.1" 200 0 "https://whiteteakllc.com/wp-sitemap.xml" "Mozilla/5.0 AppleWebKit/537.36 (KHTML, like Gecko; compatible; GPTBot/1.3; +https://openai.com/gptbot)"
74.7.242.25 - - [17/Apr/2026:11:18:59 -0400] "GET /items/X814023392/ HTTP/1.1" 200 0 "https://whiteteakllc.com/wp-sitemap.xml" "Mozilla/5.0 AppleWebKit/537.36 (KHTML, like Gecko; compatible; GPTBot/1.3; +https://openai.com/gptbot)"
74.7.242.25 - - [17/Apr/2026:11:18:59 -0400] "GET /items/X814278325/ HTTP/1.1" 200 0 "https://whiteteakllc.com/wp-sitemap.xml" "Mozilla/5.0 AppleWebKit/537.36 (KHTML, like Gecko; compatible; GPTBot/1.3; +https://openai.com/gptbot)"
74.7.242.25 - - [17/Apr/2026:11:19:00 -0400] "GET /items/X814604905/ HTTP/1.1" 200 0 "https://whiteteakllc.com/wp-sitemap.xml" "Mozilla/5.0 AppleWebKit/537.36 (KHTML, like Gecko; compatible; GPTBot/1.3; +https://openai.com/gptbot)"
74.7.242.25 - - [17/Apr/2026:11:19:01 -0400] "GET /items/X811897403/ HTTP/1.1" 200 0 "https://whiteteakllc.com/wp-sitemap.xml" "Mozilla/5.0 AppleWebKit/537.36 (KHTML, like Gecko; compatible; GPTBot/1.3; +https://openai.com/gptbot)"
74.7.242.25 - - [17/Apr/2026:11:19:01 -0400] "GET /items/X814820332/ HTTP/1.1" 200 0 "https://whiteteakllc.com/wp-sitemap.xml" "Mozilla/5.0 AppleWebKit/537.36 (KHTML, like Gecko; compatible; GPTBot/1.3; +https://openai.com/gptbot)"
74.7.242.25 - - [17/Apr/2026:11:19:02 -0400] "GET /items/X812230027/ HTTP/1.1" 200 0 "https://whiteteakllc.com/wp-sitemap.xml" "Mozilla/5.0 AppleWebKit/537.36 (KHTML, like Gecko; compatible; GPTBot/1.3; +https://openai.com/gptbot)"
74.7.242.25 - - [17/Apr/2026:11:19:02 -0400] "GET /items/X814855898/ HTTP/1.1" 200 0 "https://whiteteakllc.com/wp-sitemap.xml" "Mozilla/5.0 AppleWebKit/537.36 (KHTML, like Gecko; compatible; GPTBot/1.3; +https://openai.com/gptbot)"
74.7.242.25 - - [17/Apr/2026:11:19:03 -0400] "GET /items/X814914190/ HTTP/1.1" 200 0 "https://whiteteakllc.com/wp-sitemap.xml" "Mozilla/5.0 AppleWebKit/537.36 (KHTML, like Gecko; compatible; GPTBot/1.3; +https://openai.com/gptbot)"
74.7.242.25 - - [17/Apr/2026:11:19:04 -0400] "GET /items/X812806125/ HTTP/1.1" 200 0 "https://whiteteakllc.com/wp-sitemap.xml" "Mozilla/5.0 AppleWebKit/537.36 (KHTML, like Gecko; compatible; GPTBot/1.3; +https://openai.com/gptbot)"
74.7.242.25 - - [17/Apr/2026:11:19:04 -0400] "GET /items/X811710582/ HTTP/1.1" 200 0 "https://whiteteakllc.com/wp-sitemap.xml" "Mozilla/5.0 AppleWebKit/537.36 (KHTML, like Gecko; compatible; GPTBot/1.3; +https://openai.com/gptbot)"
74.7.242.25 - - [17/Apr/2026:11:19:05 -0400] "GET /items/X812482752/ HTTP/1.1" 200 0 "https://whiteteakllc.com/wp-sitemap.xml" "Mozilla/5.0 AppleWebKit/537.36 (KHTML, like Gecko; compatible; GPTBot/1.3; +https://openai.com/gptbot)"
74.7.242.25 - - [17/Apr/2026:11:19:05 -0400] "GET /items/X814293821/ HTTP/1.1" 200 0 "https://whiteteakllc.com/wp-sitemap.xml" "Mozilla/5.0 AppleWebKit/537.36 (KHTML, like Gecko; compatible; GPTBot/1.3; +https://openai.com/gptbot)"
74.7.242.25 - - [17/Apr/2026:11:19:06 -0400] "GET /items/X812153244/ HTTP/1.1" 200 0 "https://whiteteakllc.com/wp-sitemap.xml" "Mozilla/5.0 AppleWebKit/537.36 (KHTML, like Gecko; compatible; GPTBot/1.3; +https://openai.com/gptbot)"
74.7.242.25 - - [17/Apr/2026:11:19:07 -0400] "GET /items/X811863108/ HTTP/1.1" 200 0 "https://whiteteakllc.com/wp-sitemap.xml" "Mozilla/5.0 AppleWebKit/537.36 (KHTML, like Gecko; compatible; GPTBot/1.3; +https://openai.com/gptbot)"
74.7.242.25 - - [17/Apr/2026:11:19:07 -0400] "GET /items/X813140364/ HTTP/1.1" 200 0 "https://whiteteakllc.com/wp-sitemap.xml" "Mozilla/5.0 AppleWebKit/537.36 (KHTML, like Gecko; compatible; GPTBot/1.3; +https://openai.com/gptbot)"
74.7.242.25 - - [17/Apr/2026:11:19:08 -0400] "GET /items/X813771144/ HTTP/1.1" 200 0 "https://whiteteakllc.com/wp-sitemap.xml" "Mozilla/5.0 AppleWebKit/537.36 (KHTML, like Gecko; compatible; GPTBot/1.3; +https://openai.com/gptbot)"
74.7.242.25 - - [17/Apr/2026:11:19:08 -0400] "GET /items/X811328822/ HTTP/1.1" 200 0 "https://whiteteakllc.com/wp-sitemap.xml" "Mozilla/5.0 AppleWebKit/537.36 (KHTML, like Gecko; compatible; GPTBot/1.3; +https://openai.com/gptbot)"
74.7.242.25 - - [17/Apr/2026:11:19:09 -0400] "GET /items/X812752102/ HTTP/1.1" 200 0 "https://whiteteakllc.com/wp-sitemap.xml" "Mozilla/5.0 AppleWebKit/537.36 (KHTML, like Gecko; compatible; GPTBot/1.3; +https://openai.com/gptbot)"
74.7.242.25 - - [17/Apr/2026:11:19:10 -0400] "GET /items/X812937399/ HTTP/1.1" 200 0 "https://whiteteakllc.com/wp-sitemap.xml" "Mozilla/5.0 AppleWebKit/537.36 (KHTML, like Gecko; compatible; GPTBot/1.3; +https://openai.com/gptbot)"
74.7.242.25 - - [17/Apr/2026:11:19:10 -0400] "GET /items/X811417034/ HTTP/1.1" 200 0 "https://whiteteakllc.com/wp-sitemap.xml" "Mozilla/5.0 AppleWebKit/537.36 (KHTML, like Gecko; compatible; GPTBot/1.3; +https://openai.com/gptbot)"
74.7.242.25 - - [17/Apr/2026:11:19:11 -0400] "GET /items/X811518691/ HTTP/1.1" 200 0 "https://whiteteakllc.com/wp-sitemap.xml" "Mozilla/5.0 AppleWebKit/537.36 (KHTML, like Gecko; compatible; GPTBot/1.3; +https://openai.com/gptbot)"
74.7.242.25 - - [17/Apr/2026:11:19:12 -0400] "GET /items/X812237262/ HTTP/1.1" 200 0 "https://whiteteakllc.com/wp-sitemap.xml" "Mozilla/5.0 AppleWebKit/537.36 (KHTML, like Gecko; compatible; GPTBot/1.3; +https://openai.com/gptbot)"
74.7.242.25 - - [17/Apr/2026:11:19:12 -0400] "GET /items/X812126091/ HTTP/1.1" 200 0 "https://whiteteakllc.com/wp-sitemap.xml" "Mozilla/5.0 AppleWebKit/537.36 (KHTML, like Gecko; compatible; GPTBot/1.3; +https://openai.com/gptbot)"
74.7.242.25 - - [17/Apr/2026:11:19:13 -0400] "GET /items/X814720104/ HTTP/1.1" 200 0 "https://whiteteakllc.com/wp-sitemap.xml" "Mozilla/5.0 AppleWebKit/537.36 (KHTML, like Gecko; compatible; GPTBot/1.3; +https://openai.com/gptbot)"
74.7.242.25 - - [17/Apr/2026:11:19:13 -0400] "GET /items/X813993970/ HTTP/1.1" 200 0 "https://whiteteakllc.com/wp-sitemap.xml" "Mozilla/5.0 AppleWebKit/537.36 (KHTML, like Gecko; compatible; GPTBot/1.3; +https://openai.com/gptbot)"
74.7.242.25 - - [17/Apr/2026:11:19:14 -0400] "GET /items/X814979404/ HTTP/1.1" 200 0 "https://whiteteakllc.com/wp-sitemap.xml" "Mozilla/5.0 AppleWebKit/537.36 (KHTML, like Gecko; compatible; GPTBot/1.3; +https://openai.com/gptbot)"
74.7.242.25 - - [17/Apr/2026:11:19:15 -0400] "GET /items/X811908830/ HTTP/1.1" 200 0 "https://whiteteakllc.com/wp-sitemap.xml" "Mozilla/5.0 AppleWebKit/537.36 (KHTML, like Gecko; compatible; GPTBot/1.3; +https://openai.com/gptbot)"
74.7.242.25 - - [17/Apr/2026:11:19:15 -0400] "GET /items/X814894355/ HTTP/1.1" 200 0 "https://whiteteakllc.com/wp-sitemap.xml" "Mozilla/5.0 AppleWebKit/537.36 (KHTML, like Gecko; compatible; GPTBot/1.3; +https://openai.com/gptbot)"
74.7.242.25 - - [17/Apr/2026:11:19:16 -0400] "GET /items/X812337929/ HTTP/1.1" 200 0 "https://whiteteakllc.com/wp-sitemap.xml" "Mozilla/5.0 AppleWebKit/537.36 (KHTML, like Gecko; compatible; GPTBot/1.3; +https://openai.com/gptbot)"
74.7.242.25 - - [17/Apr/2026:11:19:16 -0400] "GET /items/X812210441/ HTTP/1.1" 200 0 "https://whiteteakllc.com/wp-sitemap.xml" "Mozilla/5.0 AppleWebKit/537.36 (KHTML, like Gecko; compatible; GPTBot/1.3; +https://openai.com/gptbot)"
74.7.242.25 - - [17/Apr/2026:11:19:17 -0400] "GET /items/X813812885/ HTTP/1.1" 200 0 "https://whiteteakllc.com/wp-sitemap.xml" "Mozilla/5.0 AppleWebKit/537.36 (KHTML, like Gecko; compatible; GPTBot/1.3; +https://openai.com/gptbot)"
74.7.242.25 - - [17/Apr/2026:11:19:18 -0400] "GET /items/X812189440/ HTTP/1.1" 200 0 "https://whiteteakllc.com/wp-sitemap.xml" "Mozilla/5.0 AppleWebKit/537.36 (KHTML, like Gecko; compatible; GPTBot/1.3; +https://openai.com/gptbot)"
74.7.242.25 - - [17/Apr/2026:11:19:18 -0400] "GET /items/X813391093/ HTTP/1.1" 200 0 "https://whiteteakllc.com/wp-sitemap.xml" "Mozilla/5.0 AppleWebKit/537.36 (KHTML, like Gecko; compatible; GPTBot/1.3; +https://openai.com/gptbot)"
74.7.242.25 - - [17/Apr/2026:11:19:19 -0400] "GET /items/X811448747/ HTTP/1.1" 200 0 "https://whiteteakllc.com/wp-sitemap.xml" "Mozilla/5.0 AppleWebKit/537.36 (KHTML, like Gecko; compatible; GPTBot/1.3; +https://openai.com/gptbot)"
74.7.242.25 - - [17/Apr/2026:11:19:19 -0400] "GET /items/X811358123/ HTTP/1.1" 200 0 "https://whiteteakllc.com/wp-sitemap.xml" "Mozilla/5.0 AppleWebKit/537.36 (KHTML, like Gecko; compatible; GPTBot/1.3; +https://openai.com/gptbot)"
74.7.242.25 - - [17/Apr/2026:11:19:20 -0400] "GET /items/X811237072/ HTTP/1.1" 200 0 "https://whiteteakllc.com/wp-sitemap.xml" "Mozilla/5.0 AppleWebKit/537.36 (KHTML, like Gecko; compatible; GPTBot/1.3; +https://openai.com/gptbot)"
74.7.242.25 - - [17/Apr/2026:11:19:20 -0400] "GET /items/X811863285/ HTTP/1.1" 200 0 "https://whiteteakllc.com/wp-sitemap.xml" "Mozilla/5.0 AppleWebKit/537.36 (KHTML, like Gecko; compatible; GPTBot/1.3; +https://openai.com/gptbot)"
74.7.242.25 - - [17/Apr/2026:11:19:21 -0400] "GET /items/X814580188/ HTTP/1.1" 200 0 "https://whiteteakllc.com/wp-sitemap.xml" "Mozilla/5.0 AppleWebKit/537.36 (KHTML, like Gecko; compatible; GPTBot/1.3; +https://openai.com/gptbot)"
74.7.242.25 - - [17/Apr/2026:11:19:21 -0400] "GET /items/X811246515/ HTTP/1.1" 200 0 "https://whiteteakllc.com/wp-sitemap.xml" "Mozilla/5.0 AppleWebKit/537.36 (KHTML, like Gecko; compatible; GPTBot/1.3; +https://openai.com/gptbot)"
52.1.106.130 - - [17/Apr/2026:11:19:22 -0400] "GET /wp-includes/js/tinymce/plugins/wpview/jquery3/?ND HTTP/1.1" 403 1242 "-" "Mozilla/5.0 AppleWebKit/537.36 (KHTML, like Gecko; compatible; Amazonbot/0.1; +https://developer.amazon.com/support/amazonbot) Chrome/119.0.6045.214 Safari/537.36"
74.7.242.25 - - [17/Apr/2026:11:19:22 -0400] "GET /items/X811881224/ HTTP/1.1" 200 0 "https://whiteteakllc.com/wp-sitemap.xml" "Mozilla/5.0 AppleWebKit/537.36 (KHTML, like Gecko; compatible; GPTBot/1.3; +https://openai.com/gptbot)"
74.7.242.25 - - [17/Apr/2026:11:19:23 -0400] "GET /items/X814533146/ HTTP/1.1" 200 0 "https://whiteteakllc.com/wp-sitemap.xml" "Mozilla/5.0 AppleWebKit/537.36 (KHTML, like Gecko; compatible; GPTBot/1.3; +https://openai.com/gptbot)"
74.7.242.25 - - [17/Apr/2026:11:19:23 -0400] "GET /items/X811598005/ HTTP/1.1" 200 0 "https://whiteteakllc.com/wp-sitemap.xml" "Mozilla/5.0 AppleWebKit/537.36 (KHTML, like Gecko; compatible; GPTBot/1.3; +https://openai.com/gptbot)"
74.7.242.25 - - [17/Apr/2026:11:19:24 -0400] "GET /items/X811628277/ HTTP/1.1" 200 0 "https://whiteteakllc.com/wp-sitemap.xml" "Mozilla/5.0 AppleWebKit/537.36 (KHTML, like Gecko; compatible; GPTBot/1.3; +https://openai.com/gptbot)"
74.7.242.25 - - [17/Apr/2026:11:19:24 -0400] "GET /items/X811932390/ HTTP/1.1" 200 0 "https://whiteteakllc.com/wp-sitemap.xml" "Mozilla/5.0 AppleWebKit/537.36 (KHTML, like Gecko; compatible; GPTBot/1.3; +https://openai.com/gptbot)"
74.7.242.25 - - [17/Apr/2026:11:19:25 -0400] "GET /items/X814104575/ HTTP/1.1" 200 0 "https://whiteteakllc.com/wp-sitemap.xml" "Mozilla/5.0 AppleWebKit/537.36 (KHTML, like Gecko; compatible; GPTBot/1.3; +https://openai.com/gptbot)"
74.7.242.25 - - [17/Apr/2026:11:19:25 -0400] "GET /items/X814961613/ HTTP/1.1" 200 0 "https://whiteteakllc.com/wp-sitemap.xml" "Mozilla/5.0 AppleWebKit/537.36 (KHTML, like Gecko; compatible; GPTBot/1.3; +https://openai.com/gptbot)"
74.7.242.25 - - [17/Apr/2026:11:19:26 -0400] "GET /items/X812574748/ HTTP/1.1" 200 0 "https://whiteteakllc.com/wp-sitemap.xml" "Mozilla/5.0 AppleWebKit/537.36 (KHTML, like Gecko; compatible; GPTBot/1.3; +https://openai.com/gptbot)"
74.7.242.25 - - [17/Apr/2026:11:19:27 -0400] "GET /items/X811236217/ HTTP/1.1" 200 0 "https://whiteteakllc.com/wp-sitemap.xml" "Mozilla/5.0 AppleWebKit/537.36 (KHTML, like Gecko; compatible; GPTBot/1.3; +https://openai.com/gptbot)"
74.7.242.25 - - [17/Apr/2026:11:19:27 -0400] "GET /items/X813015910/ HTTP/1.1" 200 0 "https://whiteteakllc.com/wp-sitemap.xml" "Mozilla/5.0 AppleWebKit/537.36 (KHTML, like Gecko; compatible; GPTBot/1.3; +https://openai.com/gptbot)"
74.7.242.25 - - [17/Apr/2026:11:19:28 -0400] "GET /items/X811585033/ HTTP/1.1" 200 0 "https://whiteteakllc.com/wp-sitemap.xml" "Mozilla/5.0 AppleWebKit/537.36 (KHTML, like Gecko; compatible; GPTBot/1.3; +https://openai.com/gptbot)"
74.7.242.25 - - [17/Apr/2026:11:19:28 -0400] "GET /items/X814634865/ HTTP/1.1" 200 0 "https://whiteteakllc.com/wp-sitemap.xml" "Mozilla/5.0 AppleWebKit/537.36 (KHTML, like Gecko; compatible; GPTBot/1.3; +https://openai.com/gptbot)"
74.7.242.25 - - [17/Apr/2026:11:19:29 -0400] "GET /items/X814428275/ HTTP/1.1" 200 0 "https://whiteteakllc.com/wp-sitemap.xml" "Mozilla/5.0 AppleWebKit/537.36 (KHTML, like Gecko; compatible; GPTBot/1.3; +https://openai.com/gptbot)"
74.7.242.25 - - [17/Apr/2026:11:19:29 -0400] "GET /items/X811705119/ HTTP/1.1" 200 0 "https://whiteteakllc.com/wp-sitemap.xml" "Mozilla/5.0 AppleWebKit/537.36 (KHTML, like Gecko; compatible; GPTBot/1.3; +https://openai.com/gptbot)"
74.7.242.25 - - [17/Apr/2026:11:19:30 -0400] "GET /items/X814689119/ HTTP/1.1" 200 0 "https://whiteteakllc.com/wp-sitemap.xml" "Mozilla/5.0 AppleWebKit/537.36 (KHTML, like Gecko; compatible; GPTBot/1.3; +https://openai.com/gptbot)"
74.7.242.25 - - [17/Apr/2026:11:19:31 -0400] "GET /items/X813845663/ HTTP/1.1" 200 0 "https://whiteteakllc.com/wp-sitemap.xml" "Mozilla/5.0 AppleWebKit/537.36 (KHTML, like Gecko; compatible; GPTBot/1.3; +https://openai.com/gptbot)"
74.7.242.25 - - [17/Apr/2026:11:19:31 -0400] "GET /items/X811352518/ HTTP/1.1" 200 0 "https://whiteteakllc.com/wp-sitemap.xml" "Mozilla/5.0 AppleWebKit/537.36 (KHTML, like Gecko; compatible; GPTBot/1.3; +https://openai.com/gptbot)"
74.7.242.25 - - [17/Apr/2026:11:19:32 -0400] "GET /items/X812230618/ HTTP/1.1" 200 0 "https://whiteteakllc.com/wp-sitemap.xml" "Mozilla/5.0 AppleWebKit/537.36 (KHTML, like Gecko; compatible; GPTBot/1.3; +https://openai.com/gptbot)"
74.7.242.25 - - [17/Apr/2026:11:19:32 -0400] "GET /items/X813785277/ HTTP/1.1" 200 0 "https://whiteteakllc.com/wp-sitemap.xml" "Mozilla/5.0 AppleWebKit/537.36 (KHTML, like Gecko; compatible; GPTBot/1.3; +https://openai.com/gptbot)"
74.7.242.25 - - [17/Apr/2026:11:19:33 -0400] "GET /items/X812844547/ HTTP/1.1" 200 0 "https://whiteteakllc.com/wp-sitemap.xml" "Mozilla/5.0 AppleWebKit/537.36 (KHTML, like Gecko; compatible; GPTBot/1.3; +https://openai.com/gptbot)"
74.7.242.25 - - [17/Apr/2026:11:19:33 -0400] "GET /items/X812208835/ HTTP/1.1" 200 0 "https://whiteteakllc.com/wp-sitemap.xml" "Mozilla/5.0 AppleWebKit/537.36 (KHTML, like Gecko; compatible; GPTBot/1.3; +https://openai.com/gptbot)"
74.7.242.25 - - [17/Apr/2026:11:19:34 -0400] "GET /items/X814694986/ HTTP/1.1" 200 0 "https://whiteteakllc.com/wp-sitemap.xml" "Mozilla/5.0 AppleWebKit/537.36 (KHTML, like Gecko; compatible; GPTBot/1.3; +https://openai.com/gptbot)"
74.7.242.25 - - [17/Apr/2026:11:19:35 -0400] "GET /items/X813215891/ HTTP/1.1" 200 0 "https://whiteteakllc.com/wp-sitemap.xml" "Mozilla/5.0 AppleWebKit/537.36 (KHTML, like Gecko; compatible; GPTBot/1.3; +https://openai.com/gptbot)"
74.7.242.25 - - [17/Apr/2026:11:19:35 -0400] "GET /items/X814338116/ HTTP/1.1" 200 0 "https://whiteteakllc.com/wp-sitemap.xml" "Mozilla/5.0 AppleWebKit/537.36 (KHTML, like Gecko; compatible; GPTBot/1.3; +https://openai.com/gptbot)"
74.7.242.25 - - [17/Apr/2026:11:19:36 -0400] "GET /items/X814455475/ HTTP/1.1" 200 0 "https://whiteteakllc.com/wp-sitemap.xml" "Mozilla/5.0 AppleWebKit/537.36 (KHTML, like Gecko; compatible; GPTBot/1.3; +https://openai.com/gptbot)"
74.7.242.25 - - [17/Apr/2026:11:19:36 -0400] "GET /items/X813082268/ HTTP/1.1" 200 0 "https://whiteteakllc.com/wp-sitemap.xml" "Mozilla/5.0 AppleWebKit/537.36 (KHTML, like Gecko; compatible; GPTBot/1.3; +https://openai.com/gptbot)"
74.7.242.25 - - [17/Apr/2026:11:19:37 -0400] "GET /items/X813342431/ HTTP/1.1" 200 0 "https://whiteteakllc.com/wp-sitemap.xml" "Mozilla/5.0 AppleWebKit/537.36 (KHTML, like Gecko; compatible; GPTBot/1.3; +https://openai.com/gptbot)"
74.7.242.25 - - [17/Apr/2026:11:19:37 -0400] "GET /items/X813225003/ HTTP/1.1" 200 0 "https://whiteteakllc.com/wp-sitemap.xml" "Mozilla/5.0 AppleWebKit/537.36 (KHTML, like Gecko; compatible; GPTBot/1.3; +https://openai.com/gptbot)"
74.7.242.25 - - [17/Apr/2026:11:19:38 -0400] "GET /items/X811201273/ HTTP/1.1" 200 0 "https://whiteteakllc.com/wp-sitemap.xml" "Mozilla/5.0 AppleWebKit/537.36 (KHTML, like Gecko; compatible; GPTBot/1.3; +https://openai.com/gptbot)"
74.7.242.25 - - [17/Apr/2026:11:19:39 -0400] "GET /items/X812805415/ HTTP/1.1" 200 0 "https://whiteteakllc.com/wp-sitemap.xml" "Mozilla/5.0 AppleWebKit/537.36 (KHTML, like Gecko; compatible; GPTBot/1.3; +https://openai.com/gptbot)"
74.7.242.25 - - [17/Apr/2026:11:19:39 -0400] "GET /items/X813621329/ HTTP/1.1" 200 0 "https://whiteteakllc.com/wp-sitemap.xml" "Mozilla/5.0 AppleWebKit/537.36 (KHTML, like Gecko; compatible; GPTBot/1.3; +https://openai.com/gptbot)"
74.7.242.25 - - [17/Apr/2026:11:19:40 -0400] "GET /items/X812616691/ HTTP/1.1" 200 0 "https://whiteteakllc.com/wp-sitemap.xml" "Mozilla/5.0 AppleWebKit/537.36 (KHTML, like Gecko; compatible; GPTBot/1.3; +https://openai.com/gptbot)"
74.7.242.25 - - [17/Apr/2026:11:19:40 -0400] "GET /items/X812469926/ HTTP/1.1" 200 0 "https://whiteteakllc.com/wp-sitemap.xml" "Mozilla/5.0 AppleWebKit/537.36 (KHTML, like Gecko; compatible; GPTBot/1.3; +https://openai.com/gptbot)"
74.7.242.25 - - [17/Apr/2026:11:19:41 -0400] "GET /items/X811266933/ HTTP/1.1" 200 0 "https://whiteteakllc.com/wp-sitemap.xml" "Mozilla/5.0 AppleWebKit/537.36 (KHTML, like Gecko; compatible; GPTBot/1.3; +https://openai.com/gptbot)"
74.7.242.25 - - [17/Apr/2026:11:19:42 -0400] "GET /items/X812792290/ HTTP/1.1" 200 0 "https://whiteteakllc.com/wp-sitemap.xml" "Mozilla/5.0 AppleWebKit/537.36 (KHTML, like Gecko; compatible; GPTBot/1.3; +https://openai.com/gptbot)"
74.7.242.25 - - [17/Apr/2026:11:19:42 -0400] "GET /items/X814080483/ HTTP/1.1" 200 0 "https://whiteteakllc.com/wp-sitemap.xml" "Mozilla/5.0 AppleWebKit/537.36 (KHTML, like Gecko; compatible; GPTBot/1.3; +https://openai.com/gptbot)"
74.7.242.25 - - [17/Apr/2026:11:19:43 -0400] "GET /items/X811652146/ HTTP/1.1" 200 0 "https://whiteteakllc.com/wp-sitemap.xml" "Mozilla/5.0 AppleWebKit/537.36 (KHTML, like Gecko; compatible; GPTBot/1.3; +https://openai.com/gptbot)"
74.7.242.25 - - [17/Apr/2026:11:19:43 -0400] "GET /items/X811347891/ HTTP/1.1" 200 0 "https://whiteteakllc.com/wp-sitemap.xml" "Mozilla/5.0 AppleWebKit/537.36 (KHTML, like Gecko; compatible; GPTBot/1.3; +https://openai.com/gptbot)"
74.7.242.25 - - [17/Apr/2026:11:19:44 -0400] "GET /items/X811060489/ HTTP/1.1" 200 0 "https://whiteteakllc.com/wp-sitemap.xml" "Mozilla/5.0 AppleWebKit/537.36 (KHTML, like Gecko; compatible; GPTBot/1.3; +https://openai.com/gptbot)"
74.7.242.25 - - [17/Apr/2026:11:19:45 -0400] "GET /items/X811315638/ HTTP/1.1" 200 0 "https://whiteteakllc.com/wp-sitemap.xml" "Mozilla/5.0 AppleWebKit/537.36 (KHTML, like Gecko; compatible; GPTBot/1.3; +https://openai.com/gptbot)"
74.7.242.25 - - [17/Apr/2026:11:19:45 -0400] "GET /items/X813401028/ HTTP/1.1" 200 0 "https://whiteteakllc.com/wp-sitemap.xml" "Mozilla/5.0 AppleWebKit/537.36 (KHTML, like Gecko; compatible; GPTBot/1.3; +https://openai.com/gptbot)"
74.7.242.25 - - [17/Apr/2026:11:19:46 -0400] "GET /items/X811315863/ HTTP/1.1" 200 0 "https://whiteteakllc.com/wp-sitemap.xml" "Mozilla/5.0 AppleWebKit/537.36 (KHTML, like Gecko; compatible; GPTBot/1.3; +https://openai.com/gptbot)"
74.7.242.25 - - [17/Apr/2026:11:19:46 -0400] "GET /items/X811727835/ HTTP/1.1" 200 0 "https://whiteteakllc.com/wp-sitemap.xml" "Mozilla/5.0 AppleWebKit/537.36 (KHTML, like Gecko; compatible; GPTBot/1.3; +https://openai.com/gptbot)"
74.7.242.25 - - [17/Apr/2026:11:19:47 -0400] "GET /items/X812143373/ HTTP/1.1" 200 0 "https://whiteteakllc.com/wp-sitemap.xml" "Mozilla/5.0 AppleWebKit/537.36 (KHTML, like Gecko; compatible; GPTBot/1.3; +https://openai.com/gptbot)"
74.7.242.25 - - [17/Apr/2026:11:19:47 -0400] "GET /items/X811071064/ HTTP/1.1" 200 0 "https://whiteteakllc.com/wp-sitemap.xml" "Mozilla/5.0 AppleWebKit/537.36 (KHTML, like Gecko; compatible; GPTBot/1.3; +https://openai.com/gptbot)"
74.7.242.25 - - [17/Apr/2026:11:19:48 -0400] "GET /items/X812230628/ HTTP/1.1" 200 0 "https://whiteteakllc.com/wp-sitemap.xml" "Mozilla/5.0 AppleWebKit/537.36 (KHTML, like Gecko; compatible; GPTBot/1.3; +https://openai.com/gptbot)"
74.7.242.25 - - [17/Apr/2026:11:19:49 -0400] "GET /items/X814106969/ HTTP/1.1" 200 0 "https://whiteteakllc.com/wp-sitemap.xml" "Mozilla/5.0 AppleWebKit/537.36 (KHTML, like Gecko; compatible; GPTBot/1.3; +https://openai.com/gptbot)"
74.7.242.25 - - [17/Apr/2026:11:19:49 -0400] "GET /items/X813065816/ HTTP/1.1" 200 0 "https://whiteteakllc.com/wp-sitemap.xml" "Mozilla/5.0 AppleWebKit/537.36 (KHTML, like Gecko; compatible; GPTBot/1.3; +https://openai.com/gptbot)"
74.7.242.25 - - [17/Apr/2026:11:19:50 -0400] "GET /items/X811827680/ HTTP/1.1" 200 0 "https://whiteteakllc.com/wp-sitemap.xml" "Mozilla/5.0 AppleWebKit/537.36 (KHTML, like Gecko; compatible; GPTBot/1.3; +https://openai.com/gptbot)"
74.7.242.25 - - [17/Apr/2026:11:19:50 -0400] "GET /items/X811852636/ HTTP/1.1" 200 0 "https://whiteteakllc.com/wp-sitemap.xml" "Mozilla/5.0 AppleWebKit/537.36 (KHTML, like Gecko; compatible; GPTBot/1.3; +https://openai.com/gptbot)"
74.7.242.25 - - [17/Apr/2026:11:19:51 -0400] "GET /items/X812118115/ HTTP/1.1" 200 0 "https://whiteteakllc.com/wp-sitemap.xml" "Mozilla/5.0 AppleWebKit/537.36 (KHTML, like Gecko; compatible; GPTBot/1.3; +https://openai.com/gptbot)"
74.7.242.25 - - [17/Apr/2026:11:19:52 -0400] "GET /items/X813693838/ HTTP/1.1" 200 0 "https://whiteteakllc.com/wp-sitemap.xml" "Mozilla/5.0 AppleWebKit/537.36 (KHTML, like Gecko; compatible; GPTBot/1.3; +https://openai.com/gptbot)"
74.7.242.25 - - [17/Apr/2026:11:19:52 -0400] "GET /items/X812680881/ HTTP/1.1" 200 0 "https://whiteteakllc.com/wp-sitemap.xml" "Mozilla/5.0 AppleWebKit/537.36 (KHTML, like Gecko; compatible; GPTBot/1.3; +https://openai.com/gptbot)"
74.7.242.25 - - [17/Apr/2026:11:19:53 -0400] "GET /items/X814863018/ HTTP/1.1" 200 0 "https://whiteteakllc.com/wp-sitemap.xml" "Mozilla/5.0 AppleWebKit/537.36 (KHTML, like Gecko; compatible; GPTBot/1.3; +https://openai.com/gptbot)"
74.7.242.25 - - [17/Apr/2026:11:19:53 -0400] "GET /items/X813760701/ HTTP/1.1" 200 0 "https://whiteteakllc.com/wp-sitemap.xml" "Mozilla/5.0 AppleWebKit/537.36 (KHTML, like Gecko; compatible; GPTBot/1.3; +https://openai.com/gptbot)"
74.7.242.25 - - [17/Apr/2026:11:19:54 -0400] "GET /items/X811818775/ HTTP/1.1" 200 0 "https://whiteteakllc.com/wp-sitemap.xml" "Mozilla/5.0 AppleWebKit/537.36 (KHTML, like Gecko; compatible; GPTBot/1.3; +https://openai.com/gptbot)"
74.7.242.25 - - [17/Apr/2026:11:19:55 -0400] "GET /items/X814885604/ HTTP/1.1" 200 0 "https://whiteteakllc.com/wp-sitemap.xml" "Mozilla/5.0 AppleWebKit/537.36 (KHTML, like Gecko; compatible; GPTBot/1.3; +https://openai.com/gptbot)"
74.7.242.25 - - [17/Apr/2026:11:19:55 -0400] "GET /items/X811213030/ HTTP/1.1" 200 0 "https://whiteteakllc.com/wp-sitemap.xml" "Mozilla/5.0 AppleWebKit/537.36 (KHTML, like Gecko; compatible; GPTBot/1.3; +https://openai.com/gptbot)"
74.7.242.25 - - [17/Apr/2026:11:19:56 -0400] "GET /items/X813631551/ HTTP/1.1" 200 0 "https://whiteteakllc.com/wp-sitemap.xml" "Mozilla/5.0 AppleWebKit/537.36 (KHTML, like Gecko; compatible; GPTBot/1.3; +https://openai.com/gptbot)"
74.7.242.25 - - [17/Apr/2026:11:19:56 -0400] "GET /items/X813747884/ HTTP/1.1" 200 0 "https://whiteteakllc.com/wp-sitemap.xml" "Mozilla/5.0 AppleWebKit/537.36 (KHTML, like Gecko; compatible; GPTBot/1.3; +https://openai.com/gptbot)"
74.7.242.25 - - [17/Apr/2026:11:19:57 -0400] "GET /items/X812815435/ HTTP/1.1" 200 0 "https://whiteteakllc.com/wp-sitemap.xml" "Mozilla/5.0 AppleWebKit/537.36 (KHTML, like Gecko; compatible; GPTBot/1.3; +https://openai.com/gptbot)"
74.7.242.25 - - [17/Apr/2026:11:19:57 -0400] "GET /items/X811088505/ HTTP/1.1" 200 0 "https://whiteteakllc.com/wp-sitemap.xml" "Mozilla/5.0 AppleWebKit/537.36 (KHTML, like Gecko; compatible; GPTBot/1.3; +https://openai.com/gptbot)"
74.7.242.25 - - [17/Apr/2026:11:19:58 -0400] "GET /items/X813881684/ HTTP/1.1" 200 0 "https://whiteteakllc.com/wp-sitemap.xml" "Mozilla/5.0 AppleWebKit/537.36 (KHTML, like Gecko; compatible; GPTBot/1.3; +https://openai.com/gptbot)"
74.7.242.25 - - [17/Apr/2026:11:19:59 -0400] "GET /items/X814194965/ HTTP/1.1" 200 0 "https://whiteteakllc.com/wp-sitemap.xml" "Mozilla/5.0 AppleWebKit/537.36 (KHTML, like Gecko; compatible; GPTBot/1.3; +https://openai.com/gptbot)"
74.7.242.25 - - [17/Apr/2026:11:19:59 -0400] "GET /items/X811239338/ HTTP/1.1" 200 0 "https://whiteteakllc.com/wp-sitemap.xml" "Mozilla/5.0 AppleWebKit/537.36 (KHTML, like Gecko; compatible; GPTBot/1.3; +https://openai.com/gptbot)"
74.7.242.25 - - [17/Apr/2026:11:20:00 -0400] "GET /items/X814342323/ HTTP/1.1" 200 0 "https://whiteteakllc.com/wp-sitemap.xml" "Mozilla/5.0 AppleWebKit/537.36 (KHTML, like Gecko; compatible; GPTBot/1.3; +https://openai.com/gptbot)"
74.7.242.25 - - [17/Apr/2026:11:20:00 -0400] "GET /items/X811264482/ HTTP/1.1" 200 0 "https://whiteteakllc.com/wp-sitemap.xml" "Mozilla/5.0 AppleWebKit/537.36 (KHTML, like Gecko; compatible; GPTBot/1.3; +https://openai.com/gptbot)"
74.7.242.25 - - [17/Apr/2026:11:20:01 -0400] "GET /items/X813565854/ HTTP/1.1" 200 0 "https://whiteteakllc.com/wp-sitemap.xml" "Mozilla/5.0 AppleWebKit/537.36 (KHTML, like Gecko; compatible; GPTBot/1.3; +https://openai.com/gptbot)"
74.7.242.25 - - [17/Apr/2026:11:20:01 -0400] "GET /items/X811538954/ HTTP/1.1" 200 0 "https://whiteteakllc.com/wp-sitemap.xml" "Mozilla/5.0 AppleWebKit/537.36 (KHTML, like Gecko; compatible; GPTBot/1.3; +https://openai.com/gptbot)"
74.7.242.25 - - [17/Apr/2026:11:20:02 -0400] "GET /items/X814103664/ HTTP/1.1" 200 0 "https://whiteteakllc.com/wp-sitemap.xml" "Mozilla/5.0 AppleWebKit/537.36 (KHTML, like Gecko; compatible; GPTBot/1.3; +https://openai.com/gptbot)"
