164.68.124.27 - - [19/Apr/2026:04:32:15 -0400] "GET /wp-admin/css/colors/blue/NdsfjTE.php HTTP/1.1" 301 795 "binance.com" "Mozilla/5.0 (Windows NT 10.0; Win64; x64) AppleWebKit/537.36 (KHTML, like Gecko) Chrome/90.0.4430.85 Safari/537.36"
164.68.124.27 - - [19/Apr/2026:04:32:44 -0400] "GET /wp-admin/css/colors/blue/NdsfjTE.php HTTP/1.1" 301 795 "binance.com" "Mozilla/5.0 (Windows NT 10.0; Win64; x64) AppleWebKit/537.36 (KHTML, like Gecko) Chrome/90.0.4430.85 Safari/537.36"
164.68.124.27 - - [19/Apr/2026:04:33:18 -0400] "POST /wp-admin/css/colors/blue/NdsfjTE.php HTTP/1.1" 301 795 "binance.com" "Mozilla/5.0 (Windows NT 10.0; Win64; x64) AppleWebKit/537.36 (KHTML, like Gecko) Chrome/90.0.4430.85 Safari/537.36"
164.68.124.27 - - [19/Apr/2026:04:33:37 -0400] "GET /wp-admin/css/colors/blue/xktyuycawi.php HTTP/1.1" 301 795 "binance.com" "Mozilla/5.0 (Windows NT 10.0; Win64; x64) AppleWebKit/537.36 (KHTML, like Gecko) Chrome/90.0.4430.85 Safari/537.36"
164.68.124.27 - - [19/Apr/2026:04:34:24 -0400] "GET /wp-admin/css/colors/blue/NdsfjTE.php HTTP/1.1" 301 795 "-" "Mozilla/5.0 (Windows NT 10.0; Win64; x64) AppleWebKit/537.36 (KHTML, like Gecko) Chrome/90.0.4430.85 Safari/537.36"
167.86.102.235 - - [19/Apr/2026:04:41:49 -0400] "GET /wp-admin/css/ HTTP/1.1" 301 795 "binance.com" "Mozilla/5.0 (Windows NT 10.0; Win64; x64) AppleWebKit/537.36 (KHTML, like Gecko) Chrome/90.0.4430.85 Safari/537.36"
167.86.102.235 - - [19/Apr/2026:04:42:14 -0400] "GET /wp-content/uploads/2026/04/ HTTP/1.1" 301 795 "binance.com" "Mozilla/5.0 (Windows NT 10.0; Win64; x64) AppleWebKit/537.36 (KHTML, like Gecko) Chrome/90.0.4430.85 Safari/537.36"
167.86.102.235 - - [19/Apr/2026:04:42:34 -0400] "GET /wp-content/uploads/2026/03/ HTTP/1.1" 301 795 "binance.com" "Mozilla/5.0 (Windows NT 10.0; Win64; x64) AppleWebKit/537.36 (KHTML, like Gecko) Chrome/90.0.4430.85 Safari/537.36"
167.86.102.235 - - [19/Apr/2026:04:42:53 -0400] "GET /wp-content/uploads/ HTTP/1.1" 301 795 "binance.com" "Mozilla/5.0 (Windows NT 10.0; Win64; x64) AppleWebKit/537.36 (KHTML, like Gecko) Chrome/90.0.4430.85 Safari/537.36"
164.68.124.27 - - [19/Apr/2026:04:42:58 -0400] "GET /wp-admin/css/colors/blue/rnktwvpubp.php HTTP/1.1" 301 795 "binance.com" "Mozilla/5.0 (Windows NT 10.0; Win64; x64) AppleWebKit/537.36 (KHTML, like Gecko) Chrome/90.0.4430.85 Safari/537.36"
167.86.102.235 - - [19/Apr/2026:04:43:14 -0400] "GET /wp-content/upgrade/ HTTP/1.1" 301 795 "binance.com" "Mozilla/5.0 (Windows NT 10.0; Win64; x64) AppleWebKit/537.36 (KHTML, like Gecko) Chrome/90.0.4430.85 Safari/537.36"
167.86.102.235 - - [19/Apr/2026:04:43:32 -0400] "GET /wp-content/upgrade/ HTTP/1.1" 301 795 "binance.com" "Mozilla/5.0 (Windows NT 10.0; Win64; x64) AppleWebKit/537.36 (KHTML, like Gecko) Chrome/90.0.4430.85 Safari/537.36"
167.86.102.235 - - [19/Apr/2026:04:43:52 -0400] "GET /wp-content/upgrade/MJdBEwOjLa.php HTTP/1.1" 301 795 "binance.com" "Mozilla/5.0 (Windows NT 10.0; Win64; x64) AppleWebKit/537.36 (KHTML, like Gecko) Chrome/90.0.4430.85 Safari/537.36"
167.86.102.235 - - [19/Apr/2026:04:44:08 -0400] "GET /wp-content/languages/ HTTP/1.1" 301 795 "binance.com" "Mozilla/5.0 (Windows NT 10.0; Win64; x64) AppleWebKit/537.36 (KHTML, like Gecko) Chrome/90.0.4430.85 Safari/537.36"
167.86.102.235 - - [19/Apr/2026:04:45:06 -0400] "GET /wp-admin/includes/ HTTP/1.1" 301 795 "binance.com" "Mozilla/5.0 (Windows NT 10.0; Win64; x64) AppleWebKit/537.36 (KHTML, like Gecko) Chrome/90.0.4430.85 Safari/537.36"
167.86.102.235 - - [19/Apr/2026:04:45:24 -0400] "GET /wp-admin/includes/ HTTP/1.1" 301 795 "binance.com" "Mozilla/5.0 (Windows NT 10.0; Win64; x64) AppleWebKit/537.36 (KHTML, like Gecko) Chrome/90.0.4430.85 Safari/537.36"
164.68.124.27 - - [19/Apr/2026:04:45:50 -0400] "GET /wp-admin/css/colors/coffee/ HTTP/1.1" 301 795 "binance.com" "Mozilla/5.0 (Windows NT 10.0; Win64; x64) AppleWebKit/537.36 (KHTML, like Gecko) Chrome/90.0.4430.85 Safari/537.36"
164.68.124.27 - - [19/Apr/2026:04:46:11 -0400] "GET /wp-admin/css/colors/coffee/ HTTP/1.1" 301 795 "binance.com" "Mozilla/5.0 (Windows NT 10.0; Win64; x64) AppleWebKit/537.36 (KHTML, like Gecko) Chrome/90.0.4430.85 Safari/537.36"
167.86.102.235 - - [19/Apr/2026:04:46:20 -0400] "GET /wp-admin/maint/ HTTP/1.1" 301 795 "binance.com" "Mozilla/5.0 (Windows NT 10.0; Win64; x64) AppleWebKit/537.36 (KHTML, like Gecko) Chrome/90.0.4430.85 Safari/537.36"
164.68.124.27 - - [19/Apr/2026:04:46:32 -0400] "GET /wp-admin/css/colors/coffee/NvzRJFbD.php HTTP/1.1" 301 795 "binance.com" "Mozilla/5.0 (Windows NT 10.0; Win64; x64) AppleWebKit/537.36 (KHTML, like Gecko) Chrome/90.0.4430.85 Safari/537.36"
167.86.102.235 - - [19/Apr/2026:04:46:38 -0400] "GET /wp-admin/maint/ HTTP/1.1" 301 795 "binance.com" "Mozilla/5.0 (Windows NT 10.0; Win64; x64) AppleWebKit/537.36 (KHTML, like Gecko) Chrome/90.0.4430.85 Safari/537.36"
164.68.124.27 - - [19/Apr/2026:04:46:54 -0400] "GET /wp-admin/css/colors/ectoplasm/ HTTP/1.1" 301 795 "binance.com" "Mozilla/5.0 (Windows NT 10.0; Win64; x64) AppleWebKit/537.36 (KHTML, like Gecko) Chrome/90.0.4430.85 Safari/537.36"
167.86.102.235 - - [19/Apr/2026:04:46:57 -0400] "GET /wp-admin/network/ HTTP/1.1" 301 795 "binance.com" "Mozilla/5.0 (Windows NT 10.0; Win64; x64) AppleWebKit/537.36 (KHTML, like Gecko) Chrome/90.0.4430.85 Safari/537.36"
167.86.102.235 - - [19/Apr/2026:04:47:11 -0400] "GET /wp-admin/user/ HTTP/1.1" 301 795 "binance.com" "Mozilla/5.0 (Windows NT 10.0; Win64; x64) AppleWebKit/537.36 (KHTML, like Gecko) Chrome/90.0.4430.85 Safari/537.36"
164.68.124.27 - - [19/Apr/2026:04:47:14 -0400] "GET /wp-admin/css/colors/ectoplasm/ HTTP/1.1" 301 795 "binance.com" "Mozilla/5.0 (Windows NT 10.0; Win64; x64) AppleWebKit/537.36 (KHTML, like Gecko) Chrome/90.0.4430.85 Safari/537.36"
167.86.102.235 - - [19/Apr/2026:04:47:25 -0400] "GET /wp-admin/css/ HTTP/1.1" 301 795 "binance.com" "Mozilla/5.0 (Windows NT 10.0; Win64; x64) AppleWebKit/537.36 (KHTML, like Gecko) Chrome/90.0.4430.85 Safari/537.36"
164.68.124.27 - - [19/Apr/2026:04:47:38 -0400] "GET /wp-admin/css/colors/ectoplasm/RSfbWi.php HTTP/1.1" 301 795 "binance.com" "Mozilla/5.0 (Windows NT 10.0; Win64; x64) AppleWebKit/537.36 (KHTML, like Gecko) Chrome/90.0.4430.85 Safari/537.36"
167.86.102.235 - - [19/Apr/2026:04:47:51 -0400] "GET /wp-admin/css/colors/ HTTP/1.1" 301 795 "binance.com" "Mozilla/5.0 (Windows NT 10.0; Win64; x64) AppleWebKit/537.36 (KHTML, like Gecko) Chrome/90.0.4430.85 Safari/537.36"
164.68.124.27 - - [19/Apr/2026:04:47:53 -0400] "GET /wp-admin/css/colors/light/ HTTP/1.1" 301 795 "binance.com" "Mozilla/5.0 (Windows NT 10.0; Win64; x64) AppleWebKit/537.36 (KHTML, like Gecko) Chrome/90.0.4430.85 Safari/537.36"
167.86.102.235 - - [19/Apr/2026:04:48:08 -0400] "GET /wp-admin/css/colors/ HTTP/1.1" 301 795 "binance.com" "Mozilla/5.0 (Windows NT 10.0; Win64; x64) AppleWebKit/537.36 (KHTML, like Gecko) Chrome/90.0.4430.85 Safari/537.36"
164.68.124.27 - - [19/Apr/2026:04:48:19 -0400] "GET /wp-admin/css/colors/midnight/ HTTP/1.1" 301 795 "binance.com" "Mozilla/5.0 (Windows NT 10.0; Win64; x64) AppleWebKit/537.36 (KHTML, like Gecko) Chrome/90.0.4430.85 Safari/537.36"
167.86.102.235 - - [19/Apr/2026:04:48:27 -0400] "GET /wp-admin/css/colors/bYfkLJm.php HTTP/1.1" 301 795 "binance.com" "Mozilla/5.0 (Windows NT 10.0; Win64; x64) AppleWebKit/537.36 (KHTML, like Gecko) Chrome/90.0.4430.85 Safari/537.36"
164.68.124.27 - - [19/Apr/2026:04:48:40 -0400] "GET /wp-admin/css/colors/modern/ HTTP/1.1" 301 795 "binance.com" "Mozilla/5.0 (Windows NT 10.0; Win64; x64) AppleWebKit/537.36 (KHTML, like Gecko) Chrome/90.0.4430.85 Safari/537.36"
164.68.124.27 - - [19/Apr/2026:04:49:02 -0400] "GET /wp-admin/css/colors/modern/ HTTP/1.1" 301 795 "binance.com" "Mozilla/5.0 (Windows NT 10.0; Win64; x64) AppleWebKit/537.36 (KHTML, like Gecko) Chrome/90.0.4430.85 Safari/537.36"
164.68.124.27 - - [19/Apr/2026:04:49:23 -0400] "GET /wp-admin/css/colors/modern/AimFFMx.php HTTP/1.1" 301 795 "binance.com" "Mozilla/5.0 (Windows NT 10.0; Win64; x64) AppleWebKit/537.36 (KHTML, like Gecko) Chrome/90.0.4430.85 Safari/537.36"
164.68.124.27 - - [19/Apr/2026:04:49:46 -0400] "GET /wp-admin/css/colors/modern/wp-login.php HTTP/1.1" 301 795 "binance.com" "Mozilla/5.0 (Windows NT 10.0; Win64; x64) AppleWebKit/537.36 (KHTML, like Gecko) Chrome/90.0.4430.85 Safari/537.36"
164.68.124.27 - - [19/Apr/2026:04:50:01 -0400] "GET /wp-admin/css/colors/ocean/ HTTP/1.1" 301 795 "binance.com" "Mozilla/5.0 (Windows NT 10.0; Win64; x64) AppleWebKit/537.36 (KHTML, like Gecko) Chrome/90.0.4430.85 Safari/537.36"
167.86.102.235 - - [19/Apr/2026:04:50:17 -0400] "GET /wp-admin/css/colors/blue/ HTTP/1.1" 301 795 "binance.com" "Mozilla/5.0 (Windows NT 10.0; Win64; x64) AppleWebKit/537.36 (KHTML, like Gecko) Chrome/90.0.4430.85 Safari/537.36"
164.68.124.27 - - [19/Apr/2026:04:50:23 -0400] "GET /wp-admin/css/colors/ocean/ HTTP/1.1" 301 795 "binance.com" "Mozilla/5.0 (Windows NT 10.0; Win64; x64) AppleWebKit/537.36 (KHTML, like Gecko) Chrome/90.0.4430.85 Safari/537.36"
167.86.102.235 - - [19/Apr/2026:04:50:37 -0400] "GET /wp-admin/css/colors/blue/ HTTP/1.1" 301 795 "binance.com" "Mozilla/5.0 (Windows NT 10.0; Win64; x64) AppleWebKit/537.36 (KHTML, like Gecko) Chrome/90.0.4430.85 Safari/537.36"
164.68.124.27 - - [19/Apr/2026:04:50:46 -0400] "GET /wp-admin/css/colors/ocean/dgkRCDcYy.php HTTP/1.1" 301 795 "binance.com" "Mozilla/5.0 (Windows NT 10.0; Win64; x64) AppleWebKit/537.36 (KHTML, like Gecko) Chrome/90.0.4430.85 Safari/537.36"
167.86.102.235 - - [19/Apr/2026:04:51:01 -0400] "GET /wp-admin/css/colors/blue/IgHsoAZT.php HTTP/1.1" 301 795 "binance.com" "Mozilla/5.0 (Windows NT 10.0; Win64; x64) AppleWebKit/537.36 (KHTML, like Gecko) Chrome/90.0.4430.85 Safari/537.36"
164.68.124.27 - - [19/Apr/2026:04:51:06 -0400] "GET /wp-admin/css/colors/ocean/ITfcjHd.php HTTP/1.1" 301 795 "binance.com" "Mozilla/5.0 (Windows NT 10.0; Win64; x64) AppleWebKit/537.36 (KHTML, like Gecko) Chrome/90.0.4430.85 Safari/537.36"
167.86.102.235 - - [19/Apr/2026:04:51:17 -0400] "GET /wp-admin/css/colors/blue/NdsfjTE.php HTTP/1.1" 301 795 "binance.com" "Mozilla/5.0 (Windows NT 10.0; Win64; x64) AppleWebKit/537.36 (KHTML, like Gecko) Chrome/90.0.4430.85 Safari/537.36"
164.68.124.27 - - [19/Apr/2026:04:51:32 -0400] "GET /wp-admin/css/colors/ocean/ITfcjHd.php HTTP/1.1" 301 795 "binance.com" "Mozilla/5.0 (Windows NT 10.0; Win64; x64) AppleWebKit/537.36 (KHTML, like Gecko) Chrome/90.0.4430.85 Safari/537.36"
167.86.102.235 - - [19/Apr/2026:04:51:39 -0400] "GET /wp-admin/css/colors/blue/NdsfjTE.php HTTP/1.1" 301 795 "binance.com" "Mozilla/5.0 (Windows NT 10.0; Win64; x64) AppleWebKit/537.36 (KHTML, like Gecko) Chrome/90.0.4430.85 Safari/537.36"
167.86.102.235 - - [19/Apr/2026:04:52:04 -0400] "POST /wp-admin/css/colors/blue/NdsfjTE.php HTTP/1.1" 301 795 "binance.com" "Mozilla/5.0 (Windows NT 10.0; Win64; x64) AppleWebKit/537.36 (KHTML, like Gecko) Chrome/90.0.4430.85 Safari/537.36"
164.68.124.27 - - [19/Apr/2026:04:52:11 -0400] "POST /wp-admin/css/colors/ocean/ITfcjHd.php HTTP/1.1" 301 795 "binance.com" "Mozilla/5.0 (Windows NT 10.0; Win64; x64) AppleWebKit/537.36 (KHTML, like Gecko) Chrome/90.0.4430.85 Safari/537.36"
167.86.102.235 - - [19/Apr/2026:04:52:25 -0400] "GET /wp-admin/css/colors/blue/rkovpfxrqv.php HTTP/1.1" 301 795 "binance.com" "Mozilla/5.0 (Windows NT 10.0; Win64; x64) AppleWebKit/537.36 (KHTML, like Gecko) Chrome/90.0.4430.85 Safari/537.36"
164.68.124.27 - - [19/Apr/2026:04:52:30 -0400] "GET /wp-admin/css/colors/ocean/lqklmyrtdp.php HTTP/1.1" 301 795 "binance.com" "Mozilla/5.0 (Windows NT 10.0; Win64; x64) AppleWebKit/537.36 (KHTML, like Gecko) Chrome/90.0.4430.85 Safari/537.36"
167.86.102.235 - - [19/Apr/2026:04:53:11 -0400] "GET /wp-admin/css/colors/blue/NdsfjTE.php HTTP/1.1" 301 795 "-" "Mozilla/5.0 (Windows NT 10.0; Win64; x64) AppleWebKit/537.36 (KHTML, like Gecko) Chrome/90.0.4430.85 Safari/537.36"
164.68.124.27 - - [19/Apr/2026:04:53:25 -0400] "GET /wp-admin/css/colors/ocean/ITfcjHd.php HTTP/1.1" 301 795 "-" "Mozilla/5.0 (Windows NT 10.0; Win64; x64) AppleWebKit/537.36 (KHTML, like Gecko) Chrome/90.0.4430.85 Safari/537.36"
164.68.124.27 - - [19/Apr/2026:05:00:54 -0400] "GET /wp-admin/css/colors/ocean/tfdmhamxww.php HTTP/1.1" 301 795 "binance.com" "Mozilla/5.0 (Windows NT 10.0; Win64; x64) AppleWebKit/537.36 (KHTML, like Gecko) Chrome/90.0.4430.85 Safari/537.36"
167.86.102.235 - - [19/Apr/2026:05:01:00 -0400] "GET /wp-admin/css/colors/blue/kvygxahfqj.php HTTP/1.1" 301 795 "binance.com" "Mozilla/5.0 (Windows NT 10.0; Win64; x64) AppleWebKit/537.36 (KHTML, like Gecko) Chrome/90.0.4430.85 Safari/537.36"
164.68.124.27 - - [19/Apr/2026:05:03:17 -0400] "GET /wp-admin/css/colors/sunrise/%20 HTTP/1.1" 301 795 "binance.com" "Mozilla/5.0 (Windows NT 10.0; Win64; x64) AppleWebKit/537.36 (KHTML, like Gecko) Chrome/90.0.4430.85 Safari/537.36"
167.86.102.235 - - [19/Apr/2026:05:03:19 -0400] "GET /wp-admin/css/colors/coffee/ HTTP/1.1" 301 795 "binance.com" "Mozilla/5.0 (Windows NT 10.0; Win64; x64) AppleWebKit/537.36 (KHTML, like Gecko) Chrome/90.0.4430.85 Safari/537.36"
164.68.124.27 - - [19/Apr/2026:05:03:30 -0400] "GET /wp-admin/images/ HTTP/1.1" 301 795 "binance.com" "Mozilla/5.0 (Windows NT 10.0; Win64; x64) AppleWebKit/537.36 (KHTML, like Gecko) Chrome/90.0.4430.85 Safari/537.36"
167.86.102.235 - - [19/Apr/2026:05:03:36 -0400] "GET /wp-admin/css/colors/coffee/ HTTP/1.1" 301 795 "binance.com" "Mozilla/5.0 (Windows NT 10.0; Win64; x64) AppleWebKit/537.36 (KHTML, like Gecko) Chrome/90.0.4430.85 Safari/537.36"
164.68.124.27 - - [19/Apr/2026:05:03:48 -0400] "GET /wp-admin/js/ HTTP/1.1" 301 795 "binance.com" "Mozilla/5.0 (Windows NT 10.0; Win64; x64) AppleWebKit/537.36 (KHTML, like Gecko) Chrome/90.0.4430.85 Safari/537.36"
167.86.102.235 - - [19/Apr/2026:05:03:58 -0400] "GET /wp-admin/css/colors/coffee/NvzRJFbD.php HTTP/1.1" 301 795 "binance.com" "Mozilla/5.0 (Windows NT 10.0; Win64; x64) AppleWebKit/537.36 (KHTML, like Gecko) Chrome/90.0.4430.85 Safari/537.36"
164.68.124.27 - - [19/Apr/2026:05:04:07 -0400] "GET /wp-admin/js/widgets/ HTTP/1.1" 301 795 "binance.com" "Mozilla/5.0 (Windows NT 10.0; Win64; x64) AppleWebKit/537.36 (KHTML, like Gecko) Chrome/90.0.4430.85 Safari/537.36"
167.86.102.235 - - [19/Apr/2026:05:04:16 -0400] "GET /wp-admin/css/colors/ectoplasm/ HTTP/1.1" 301 795 "binance.com" "Mozilla/5.0 (Windows NT 10.0; Win64; x64) AppleWebKit/537.36 (KHTML, like Gecko) Chrome/90.0.4430.85 Safari/537.36"
164.68.124.27 - - [19/Apr/2026:05:04:26 -0400] "GET /wp-includes/ HTTP/1.1" 301 795 "binance.com" "Mozilla/5.0 (Windows NT 10.0; Win64; x64) AppleWebKit/537.36 (KHTML, like Gecko) Chrome/90.0.4430.85 Safari/537.36"
167.86.102.235 - - [19/Apr/2026:05:04:35 -0400] "GET /wp-admin/css/colors/ectoplasm/ HTTP/1.1" 301 795 "binance.com" "Mozilla/5.0 (Windows NT 10.0; Win64; x64) AppleWebKit/537.36 (KHTML, like Gecko) Chrome/90.0.4430.85 Safari/537.36"
164.68.124.27 - - [19/Apr/2026:05:04:53 -0400] "GET /wp-includes/ HTTP/1.1" 301 795 "binance.com" "Mozilla/5.0 (Windows NT 10.0; Win64; x64) AppleWebKit/537.36 (KHTML, like Gecko) Chrome/90.0.4430.85 Safari/537.36"
167.86.102.235 - - [19/Apr/2026:05:04:54 -0400] "GET /wp-admin/css/colors/ectoplasm/RSfbWi.php HTTP/1.1" 301 795 "binance.com" "Mozilla/5.0 (Windows NT 10.0; Win64; x64) AppleWebKit/537.36 (KHTML, like Gecko) Chrome/90.0.4430.85 Safari/537.36"
167.86.102.235 - - [19/Apr/2026:05:05:05 -0400] "GET /wp-admin/css/colors/light/ HTTP/1.1" 301 795 "binance.com" "Mozilla/5.0 (Windows NT 10.0; Win64; x64) AppleWebKit/537.36 (KHTML, like Gecko) Chrome/90.0.4430.85 Safari/537.36"
167.86.102.235 - - [19/Apr/2026:05:05:23 -0400] "GET /wp-admin/css/colors/midnight/ HTTP/1.1" 301 795 "binance.com" "Mozilla/5.0 (Windows NT 10.0; Win64; x64) AppleWebKit/537.36 (KHTML, like Gecko) Chrome/90.0.4430.85 Safari/537.36"
167.86.102.235 - - [19/Apr/2026:05:05:41 -0400] "GET /wp-admin/css/colors/modern/ HTTP/1.1" 301 795 "binance.com" "Mozilla/5.0 (Windows NT 10.0; Win64; x64) AppleWebKit/537.36 (KHTML, like Gecko) Chrome/90.0.4430.85 Safari/537.36"
167.86.102.235 - - [19/Apr/2026:05:05:59 -0400] "GET /wp-admin/css/colors/modern/ HTTP/1.1" 301 795 "binance.com" "Mozilla/5.0 (Windows NT 10.0; Win64; x64) AppleWebKit/537.36 (KHTML, like Gecko) Chrome/90.0.4430.85 Safari/537.36"
167.86.102.235 - - [19/Apr/2026:05:06:18 -0400] "GET /wp-admin/css/colors/modern/AimFFMx.php HTTP/1.1" 301 795 "binance.com" "Mozilla/5.0 (Windows NT 10.0; Win64; x64) AppleWebKit/537.36 (KHTML, like Gecko) Chrome/90.0.4430.85 Safari/537.36"
167.86.102.235 - - [19/Apr/2026:05:06:37 -0400] "GET /wp-admin/css/colors/modern/wp-login.php HTTP/1.1" 301 795 "binance.com" "Mozilla/5.0 (Windows NT 10.0; Win64; x64) AppleWebKit/537.36 (KHTML, like Gecko) Chrome/90.0.4430.85 Safari/537.36"
164.68.124.27 - - [19/Apr/2026:05:06:41 -0400] "GET /wp-includes/abilities-api.php HTTP/1.1" 301 795 "binance.com" "Mozilla/5.0 (Windows NT 10.0; Win64; x64) AppleWebKit/537.36 (KHTML, like Gecko) Chrome/90.0.4430.85 Safari/537.36"
167.86.102.235 - - [19/Apr/2026:05:06:50 -0400] "GET /wp-admin/css/colors/ocean/ HTTP/1.1" 301 795 "binance.com" "Mozilla/5.0 (Windows NT 10.0; Win64; x64) AppleWebKit/537.36 (KHTML, like Gecko) Chrome/90.0.4430.85 Safari/537.36"
164.68.124.27 - - [19/Apr/2026:05:06:56 -0400] "GET /wp-includes/abilities.php HTTP/1.1" 301 795 "binance.com" "Mozilla/5.0 (Windows NT 10.0; Win64; x64) AppleWebKit/537.36 (KHTML, like Gecko) Chrome/90.0.4430.85 Safari/537.36"
167.86.102.235 - - [19/Apr/2026:05:07:07 -0400] "GET /wp-admin/css/colors/ocean/ HTTP/1.1" 301 795 "binance.com" "Mozilla/5.0 (Windows NT 10.0; Win64; x64) AppleWebKit/537.36 (KHTML, like Gecko) Chrome/90.0.4430.85 Safari/537.36"
164.68.124.27 - - [19/Apr/2026:05:07:13 -0400] "GET /wp-includes/block-bindings.php HTTP/1.1" 301 795 "binance.com" "Mozilla/5.0 (Windows NT 10.0; Win64; x64) AppleWebKit/537.36 (KHTML, like Gecko) Chrome/90.0.4430.85 Safari/537.36"
164.68.124.27 - - [19/Apr/2026:05:07:29 -0400] "GET /wp-includes/block-editor.php HTTP/1.1" 301 795 "binance.com" "Mozilla/5.0 (Windows NT 10.0; Win64; x64) AppleWebKit/537.36 (KHTML, like Gecko) Chrome/90.0.4430.85 Safari/537.36"
167.86.102.235 - - [19/Apr/2026:05:07:30 -0400] "GET /wp-admin/css/colors/ocean/dgkRCDcYy.php HTTP/1.1" 301 795 "binance.com" "Mozilla/5.0 (Windows NT 10.0; Win64; x64) AppleWebKit/537.36 (KHTML, like Gecko) Chrome/90.0.4430.85 Safari/537.36"
167.86.102.235 - - [19/Apr/2026:05:07:43 -0400] "GET /wp-admin/css/colors/ocean/ITfcjHd.php HTTP/1.1" 301 795 "binance.com" "Mozilla/5.0 (Windows NT 10.0; Win64; x64) AppleWebKit/537.36 (KHTML, like Gecko) Chrome/90.0.4430.85 Safari/537.36"
164.68.124.27 - - [19/Apr/2026:05:07:46 -0400] "GET /wp-includes/block-template-utils.php HTTP/1.1" 301 795 "binance.com" "Mozilla/5.0 (Windows NT 10.0; Win64; x64) AppleWebKit/537.36 (KHTML, like Gecko) Chrome/90.0.4430.85 Safari/537.36"
164.68.124.27 - - [19/Apr/2026:05:08:01 -0400] "GET /wp-includes/block-template.php HTTP/1.1" 301 795 "binance.com" "Mozilla/5.0 (Windows NT 10.0; Win64; x64) AppleWebKit/537.36 (KHTML, like Gecko) Chrome/90.0.4430.85 Safari/537.36"
167.86.102.235 - - [19/Apr/2026:05:08:07 -0400] "GET /wp-admin/css/colors/ocean/ITfcjHd.php HTTP/1.1" 301 795 "binance.com" "Mozilla/5.0 (Windows NT 10.0; Win64; x64) AppleWebKit/537.36 (KHTML, like Gecko) Chrome/90.0.4430.85 Safari/537.36"
164.68.124.27 - - [19/Apr/2026:05:08:17 -0400] "GET /wp-includes/class-avif-info.php HTTP/1.1" 301 795 "binance.com" "Mozilla/5.0 (Windows NT 10.0; Win64; x64) AppleWebKit/537.36 (KHTML, like Gecko) Chrome/90.0.4430.85 Safari/537.36"
167.86.102.235 - - [19/Apr/2026:05:08:30 -0400] "POST /wp-admin/css/colors/ocean/ITfcjHd.php HTTP/1.1" 301 795 "binance.com" "Mozilla/5.0 (Windows NT 10.0; Win64; x64) AppleWebKit/537.36 (KHTML, like Gecko) Chrome/90.0.4430.85 Safari/537.36"
164.68.124.27 - - [19/Apr/2026:05:08:35 -0400] "GET /wp-includes/class-wp-block-bindings-registry.php HTTP/1.1" 301 795 "binance.com" "Mozilla/5.0 (Windows NT 10.0; Win64; x64) AppleWebKit/537.36 (KHTML, like Gecko) Chrome/90.0.4430.85 Safari/537.36"
164.68.124.27 - - [19/Apr/2026:05:08:53 -0400] "GET /wp-includes/class-wp-block-bindings-source.php HTTP/1.1" 301 795 "binance.com" "Mozilla/5.0 (Windows NT 10.0; Win64; x64) AppleWebKit/537.36 (KHTML, like Gecko) Chrome/90.0.4430.85 Safari/537.36"
167.86.102.235 - - [19/Apr/2026:05:08:54 -0400] "GET /wp-admin/css/colors/ocean/mheotiklwy.php HTTP/1.1" 301 795 "binance.com" "Mozilla/5.0 (Windows NT 10.0; Win64; x64) AppleWebKit/537.36 (KHTML, like Gecko) Chrome/90.0.4430.85 Safari/537.36"
164.68.124.27 - - [19/Apr/2026:05:09:09 -0400] "GET /wp-includes/class-wp-block-editor-context.php HTTP/1.1" 301 795 "binance.com" "Mozilla/5.0 (Windows NT 10.0; Win64; x64) AppleWebKit/537.36 (KHTML, like Gecko) Chrome/90.0.4430.85 Safari/537.36"
164.68.124.27 - - [19/Apr/2026:05:09:24 -0400] "GET /wp-includes/class-wp-block-metadata-registry.php HTTP/1.1" 301 795 "binance.com" "Mozilla/5.0 (Windows NT 10.0; Win64; x64) AppleWebKit/537.36 (KHTML, like Gecko) Chrome/90.0.4430.85 Safari/537.36"
167.86.102.235 - - [19/Apr/2026:05:09:38 -0400] "GET /wp-admin/css/colors/ocean/ITfcjHd.php HTTP/1.1" 301 795 "-" "Mozilla/5.0 (Windows NT 10.0; Win64; x64) AppleWebKit/537.36 (KHTML, like Gecko) Chrome/90.0.4430.85 Safari/537.36"
164.68.124.27 - - [19/Apr/2026:05:09:47 -0400] "GET /wp-includes/class-wp-block-parser-block.php HTTP/1.1" 301 795 "binance.com" "Mozilla/5.0 (Windows NT 10.0; Win64; x64) AppleWebKit/537.36 (KHTML, like Gecko) Chrome/90.0.4430.85 Safari/537.36"
164.68.124.27 - - [19/Apr/2026:05:10:08 -0400] "GET /wp-includes/class-wp-block-parser-frame.php HTTP/1.1" 301 795 "binance.com" "Mozilla/5.0 (Windows NT 10.0; Win64; x64) AppleWebKit/537.36 (KHTML, like Gecko) Chrome/90.0.4430.85 Safari/537.36"
164.68.124.27 - - [19/Apr/2026:05:10:27 -0400] "GET /wp-includes/class-wp-block-processor.php HTTP/1.1" 301 795 "binance.com" "Mozilla/5.0 (Windows NT 10.0; Win64; x64) AppleWebKit/537.36 (KHTML, like Gecko) Chrome/90.0.4430.85 Safari/537.36"
164.68.124.27 - - [19/Apr/2026:05:10:44 -0400] "GET /wp-includes/class-wp-block-template.php HTTP/1.1" 301 795 "binance.com" "Mozilla/5.0 (Windows NT 10.0; Win64; x64) AppleWebKit/537.36 (KHTML, like Gecko) Chrome/90.0.4430.85 Safari/537.36"
164.68.124.27 - - [19/Apr/2026:05:11:04 -0400] "GET /wp-includes/class-wp-block-templates-registry.php HTTP/1.1" 301 795 "binance.com" "Mozilla/5.0 (Windows NT 10.0; Win64; x64) AppleWebKit/537.36 (KHTML, like Gecko) Chrome/90.0.4430.85 Safari/537.36"
164.68.124.27 - - [19/Apr/2026:05:11:21 -0400] "GET /wp-includes/class-wp-classic-to-block-menu-converter.php HTTP/1.1" 301 795 "binance.com" "Mozilla/5.0 (Windows NT 10.0; Win64; x64) AppleWebKit/537.36 (KHTML, like Gecko) Chrome/90.0.4430.85 Safari/537.36"
164.68.124.27 - - [19/Apr/2026:05:11:36 -0400] "GET /wp-includes/class-wp-dependencies.php HTTP/1.1" 301 795 "binance.com" "Mozilla/5.0 (Windows NT 10.0; Win64; x64) AppleWebKit/537.36 (KHTML, like Gecko) Chrome/90.0.4430.85 Safari/537.36"
164.68.124.27 - - [19/Apr/2026:05:11:52 -0400] "GET /wp-includes/class-wp-duotone.php HTTP/1.1" 301 795 "binance.com" "Mozilla/5.0 (Windows NT 10.0; Win64; x64) AppleWebKit/537.36 (KHTML, like Gecko) Chrome/90.0.4430.85 Safari/537.36"
164.68.124.27 - - [19/Apr/2026:05:12:08 -0400] "GET /wp-includes/class-wp-exception.php HTTP/1.1" 301 795 "binance.com" "Mozilla/5.0 (Windows NT 10.0; Win64; x64) AppleWebKit/537.36 (KHTML, like Gecko) Chrome/90.0.4430.85 Safari/537.36"
164.68.124.27 - - [19/Apr/2026:05:12:24 -0400] "GET /wp-includes/class-wp-http.php HTTP/1.1" 301 795 "binance.com" "Mozilla/5.0 (Windows NT 10.0; Win64; x64) AppleWebKit/537.36 (KHTML, like Gecko) Chrome/90.0.4430.85 Safari/537.36"
164.68.124.27 - - [19/Apr/2026:05:12:39 -0400] "GET /wp-includes/class-wp-navigation-fallback.php HTTP/1.1" 301 795 "binance.com" "Mozilla/5.0 (Windows NT 10.0; Win64; x64) AppleWebKit/537.36 (KHTML, like Gecko) Chrome/90.0.4430.85 Safari/537.36"
164.68.124.27 - - [19/Apr/2026:05:12:57 -0400] "GET /wp-includes/class-wp-phpmailer.php HTTP/1.1" 301 795 "binance.com" "Mozilla/5.0 (Windows NT 10.0; Win64; x64) AppleWebKit/537.36 (KHTML, like Gecko) Chrome/90.0.4430.85 Safari/537.36"
164.68.124.27 - - [19/Apr/2026:05:13:13 -0400] "GET /wp-includes/class-wp-plugin-dependencies.php HTTP/1.1" 301 795 "binance.com" "Mozilla/5.0 (Windows NT 10.0; Win64; x64) AppleWebKit/537.36 (KHTML, like Gecko) Chrome/90.0.4430.85 Safari/537.36"
164.68.124.27 - - [19/Apr/2026:05:13:29 -0400] "GET /wp-includes/class-wp-script-modules.php HTTP/1.1" 301 795 "binance.com" "Mozilla/5.0 (Windows NT 10.0; Win64; x64) AppleWebKit/537.36 (KHTML, like Gecko) Chrome/90.0.4430.85 Safari/537.36"
164.68.124.27 - - [19/Apr/2026:05:13:47 -0400] "GET /wp-includes/class-wp-scripts.php HTTP/1.1" 301 795 "binance.com" "Mozilla/5.0 (Windows NT 10.0; Win64; x64) AppleWebKit/537.36 (KHTML, like Gecko) Chrome/90.0.4430.85 Safari/537.36"
164.68.124.27 - - [19/Apr/2026:05:14:01 -0400] "GET /wp-includes/class-wp-speculation-rules.php HTTP/1.1" 301 795 "binance.com" "Mozilla/5.0 (Windows NT 10.0; Win64; x64) AppleWebKit/537.36 (KHTML, like Gecko) Chrome/90.0.4430.85 Safari/537.36"
164.68.124.27 - - [19/Apr/2026:05:14:21 -0400] "GET /wp-includes/class-wp-styles.php HTTP/1.1" 301 795 "binance.com" "Mozilla/5.0 (Windows NT 10.0; Win64; x64) AppleWebKit/537.36 (KHTML, like Gecko) Chrome/90.0.4430.85 Safari/537.36"
164.68.124.27 - - [19/Apr/2026:05:14:36 -0400] "GET /wp-includes/class-wp-textdomain-registry.php HTTP/1.1" 301 795 "binance.com" "Mozilla/5.0 (Windows NT 10.0; Win64; x64) AppleWebKit/537.36 (KHTML, like Gecko) Chrome/90.0.4430.85 Safari/537.36"
164.68.124.27 - - [19/Apr/2026:05:14:51 -0400] "GET /wp-includes/class-wp-theme-json-data.php HTTP/1.1" 301 795 "binance.com" "Mozilla/5.0 (Windows NT 10.0; Win64; x64) AppleWebKit/537.36 (KHTML, like Gecko) Chrome/90.0.4430.85 Safari/537.36"
164.68.124.27 - - [19/Apr/2026:05:15:07 -0400] "GET /wp-includes/class-wp-theme-json-resolver.php HTTP/1.1" 301 795 "binance.com" "Mozilla/5.0 (Windows NT 10.0; Win64; x64) AppleWebKit/537.36 (KHTML, like Gecko) Chrome/90.0.4430.85 Safari/537.36"
164.68.124.27 - - [19/Apr/2026:05:15:24 -0400] "GET /wp-includes/class-wp-theme-json-schema.php HTTP/1.1" 301 795 "binance.com" "Mozilla/5.0 (Windows NT 10.0; Win64; x64) AppleWebKit/537.36 (KHTML, like Gecko) Chrome/90.0.4430.85 Safari/537.36"
164.68.124.27 - - [19/Apr/2026:05:15:37 -0400] "GET /wp-includes/class-wp-theme-json.php HTTP/1.1" 301 795 "binance.com" "Mozilla/5.0 (Windows NT 10.0; Win64; x64) AppleWebKit/537.36 (KHTML, like Gecko) Chrome/90.0.4430.85 Safari/537.36"
164.68.124.27 - - [19/Apr/2026:05:15:56 -0400] "GET /wp-includes/class-wp-token-map.php HTTP/1.1" 301 795 "binance.com" "Mozilla/5.0 (Windows NT 10.0; Win64; x64) AppleWebKit/537.36 (KHTML, like Gecko) Chrome/90.0.4430.85 Safari/537.36"
164.68.124.27 - - [19/Apr/2026:05:16:11 -0400] "GET /wp-includes/class-wp-url-pattern-prefixer.php HTTP/1.1" 301 795 "binance.com" "Mozilla/5.0 (Windows NT 10.0; Win64; x64) AppleWebKit/537.36 (KHTML, like Gecko) Chrome/90.0.4430.85 Safari/537.36"
164.68.124.27 - - [19/Apr/2026:05:16:24 -0400] "GET /wp-includes/class-wpdb.php HTTP/1.1" 301 795 "binance.com" "Mozilla/5.0 (Windows NT 10.0; Win64; x64) AppleWebKit/537.36 (KHTML, like Gecko) Chrome/90.0.4430.85 Safari/537.36"
164.68.124.27 - - [19/Apr/2026:05:16:41 -0400] "GET /wp-includes/compat-utf8.php HTTP/1.1" 301 795 "binance.com" "Mozilla/5.0 (Windows NT 10.0; Win64; x64) AppleWebKit/537.36 (KHTML, like Gecko) Chrome/90.0.4430.85 Safari/537.36"
167.86.102.235 - - [19/Apr/2026:05:16:53 -0400] "GET /wp-admin/css/colors/ocean/btzsjvdegx.php HTTP/1.1" 301 795 "binance.com" "Mozilla/5.0 (Windows NT 10.0; Win64; x64) AppleWebKit/537.36 (KHTML, like Gecko) Chrome/90.0.4430.85 Safari/537.36"
164.68.124.27 - - [19/Apr/2026:05:16:58 -0400] "GET /wp-includes/fonts.php HTTP/1.1" 301 795 "binance.com" "Mozilla/5.0 (Windows NT 10.0; Win64; x64) AppleWebKit/537.36 (KHTML, like Gecko) Chrome/90.0.4430.85 Safari/537.36"
164.68.124.27 - - [19/Apr/2026:05:17:17 -0400] "GET /wp-includes/global-styles-and-settings.php HTTP/1.1" 301 795 "binance.com" "Mozilla/5.0 (Windows NT 10.0; Win64; x64) AppleWebKit/537.36 (KHTML, like Gecko) Chrome/90.0.4430.85 Safari/537.36"
164.68.124.27 - - [19/Apr/2026:05:17:37 -0400] "GET /wp-includes/https-detection.php HTTP/1.1" 301 795 "binance.com" "Mozilla/5.0 (Windows NT 10.0; Win64; x64) AppleWebKit/537.36 (KHTML, like Gecko) Chrome/90.0.4430.85 Safari/537.36"
164.68.124.27 - - [19/Apr/2026:05:17:52 -0400] "GET /wp-includes/https-migration.php HTTP/1.1" 301 795 "binance.com" "Mozilla/5.0 (Windows NT 10.0; Win64; x64) AppleWebKit/537.36 (KHTML, like Gecko) Chrome/90.0.4430.85 Safari/537.36"
164.68.124.27 - - [19/Apr/2026:05:18:14 -0400] "GET /wp-includes/revisson.php HTTP/1.1" 301 795 "binance.com" "Mozilla/5.0 (Windows NT 10.0; Win64; x64) AppleWebKit/537.36 (KHTML, like Gecko) Chrome/90.0.4430.85 Safari/537.36"
164.68.124.27 - - [19/Apr/2026:05:18:35 -0400] "GET /wp-includes/robots-template.php HTTP/1.1" 301 795 "binance.com" "Mozilla/5.0 (Windows NT 10.0; Win64; x64) AppleWebKit/537.36 (KHTML, like Gecko) Chrome/90.0.4430.85 Safari/537.36"
164.68.124.27 - - [19/Apr/2026:05:18:52 -0400] "GET /wp-includes/script-modules.php HTTP/1.1" 301 795 "binance.com" "Mozilla/5.0 (Windows NT 10.0; Win64; x64) AppleWebKit/537.36 (KHTML, like Gecko) Chrome/90.0.4430.85 Safari/537.36"
164.68.124.27 - - [19/Apr/2026:05:19:06 -0400] "GET /wp-includes/speculative-loading.php HTTP/1.1" 301 795 "binance.com" "Mozilla/5.0 (Windows NT 10.0; Win64; x64) AppleWebKit/537.36 (KHTML, like Gecko) Chrome/90.0.4430.85 Safari/537.36"
164.68.124.27 - - [19/Apr/2026:05:19:20 -0400] "GET /wp-includes/style-engine.php HTTP/1.1" 301 795 "binance.com" "Mozilla/5.0 (Windows NT 10.0; Win64; x64) AppleWebKit/537.36 (KHTML, like Gecko) Chrome/90.0.4430.85 Safari/537.36"
167.86.102.235 - - [19/Apr/2026:05:19:30 -0400] "GET /wp-admin/css/colors/sunrise/%20 HTTP/1.1" 301 795 "binance.com" "Mozilla/5.0 (Windows NT 10.0; Win64; x64) AppleWebKit/537.36 (KHTML, like Gecko) Chrome/90.0.4430.85 Safari/537.36"
164.68.124.27 - - [19/Apr/2026:05:19:37 -0400] "GET /wp-includes/template-canvas.php HTTP/1.1" 301 795 "binance.com" "Mozilla/5.0 (Windows NT 10.0; Win64; x64) AppleWebKit/537.36 (KHTML, like Gecko) Chrome/90.0.4430.85 Safari/537.36"
167.86.102.235 - - [19/Apr/2026:05:19:47 -0400] "GET /wp-admin/images/ HTTP/1.1" 301 795 "binance.com" "Mozilla/5.0 (Windows NT 10.0; Win64; x64) AppleWebKit/537.36 (KHTML, like Gecko) Chrome/90.0.4430.85 Safari/537.36"
164.68.124.27 - - [19/Apr/2026:05:19:52 -0400] "GET /wp-includes/theme-previews.php HTTP/1.1" 301 795 "binance.com" "Mozilla/5.0 (Windows NT 10.0; Win64; x64) AppleWebKit/537.36 (KHTML, like Gecko) Chrome/90.0.4430.85 Safari/537.36"
164.68.124.27 - - [19/Apr/2026:05:20:08 -0400] "GET /wp-includes/theme-templates.php HTTP/1.1" 301 795 "binance.com" "Mozilla/5.0 (Windows NT 10.0; Win64; x64) AppleWebKit/537.36 (KHTML, like Gecko) Chrome/90.0.4430.85 Safari/537.36"
167.86.102.235 - - [19/Apr/2026:05:20:14 -0400] "GET /wp-admin/js/ HTTP/1.1" 301 795 "binance.com" "Mozilla/5.0 (Windows NT 10.0; Win64; x64) AppleWebKit/537.36 (KHTML, like Gecko) Chrome/90.0.4430.85 Safari/537.36"
164.68.124.27 - - [19/Apr/2026:05:20:24 -0400] "GET /wp-includes/utf8.php HTTP/1.1" 301 795 "binance.com" "Mozilla/5.0 (Windows NT 10.0; Win64; x64) AppleWebKit/537.36 (KHTML, like Gecko) Chrome/90.0.4430.85 Safari/537.36"
167.86.102.235 - - [19/Apr/2026:05:20:32 -0400] "GET /wp-admin/js/widgets/ HTTP/1.1" 301 795 "binance.com" "Mozilla/5.0 (Windows NT 10.0; Win64; x64) AppleWebKit/537.36 (KHTML, like Gecko) Chrome/90.0.4430.85 Safari/537.36"
164.68.124.27 - - [19/Apr/2026:05:20:39 -0400] "GET /wp-includes/ID3/ HTTP/1.1" 301 795 "binance.com" "Mozilla/5.0 (Windows NT 10.0; Win64; x64) AppleWebKit/537.36 (KHTML, like Gecko) Chrome/90.0.4430.85 Safari/537.36"
167.86.102.235 - - [19/Apr/2026:05:20:52 -0400] "GET /wp-includes/ HTTP/1.1" 301 795 "binance.com" "Mozilla/5.0 (Windows NT 10.0; Win64; x64) AppleWebKit/537.36 (KHTML, like Gecko) Chrome/90.0.4430.85 Safari/537.36"
164.68.124.27 - - [19/Apr/2026:05:20:59 -0400] "GET /wp-includes/ID3/ HTTP/1.1" 301 795 "binance.com" "Mozilla/5.0 (Windows NT 10.0; Win64; x64) AppleWebKit/537.36 (KHTML, like Gecko) Chrome/90.0.4430.85 Safari/537.36"
167.86.102.235 - - [19/Apr/2026:05:21:18 -0400] "GET /wp-includes/ HTTP/1.1" 301 795 "binance.com" "Mozilla/5.0 (Windows NT 10.0; Win64; x64) AppleWebKit/537.36 (KHTML, like Gecko) Chrome/90.0.4430.85 Safari/537.36"
164.68.124.27 - - [19/Apr/2026:05:21:22 -0400] "GET /wp-includes/IXR/ HTTP/1.1" 301 795 "binance.com" "Mozilla/5.0 (Windows NT 10.0; Win64; x64) AppleWebKit/537.36 (KHTML, like Gecko) Chrome/90.0.4430.85 Safari/537.36"
164.68.124.27 - - [19/Apr/2026:05:21:40 -0400] "GET /wp-includes/IXR/ HTTP/1.1" 301 795 "binance.com" "Mozilla/5.0 (Windows NT 10.0; Win64; x64) AppleWebKit/537.36 (KHTML, like Gecko) Chrome/90.0.4430.85 Safari/537.36"
164.68.124.27 - - [19/Apr/2026:05:22:09 -0400] "GET /wp-includes/PHPMailer/ HTTP/1.1" 301 795 "binance.com" "Mozilla/5.0 (Windows NT 10.0; Win64; x64) AppleWebKit/537.36 (KHTML, like Gecko) Chrome/90.0.4430.85 Safari/537.36"
164.68.124.27 - - [19/Apr/2026:05:22:30 -0400] "GET /wp-includes/PHPMailer/ HTTP/1.1" 301 795 "binance.com" "Mozilla/5.0 (Windows NT 10.0; Win64; x64) AppleWebKit/537.36 (KHTML, like Gecko) Chrome/90.0.4430.85 Safari/537.36"
164.68.124.27 - - [19/Apr/2026:05:22:50 -0400] "GET /wp-includes/PHPMailer/DSNConfigurator.php HTTP/1.1" 301 795 "binance.com" "Mozilla/5.0 (Windows NT 10.0; Win64; x64) AppleWebKit/537.36 (KHTML, like Gecko) Chrome/90.0.4430.85 Safari/537.36"
164.68.124.27 - - [19/Apr/2026:05:23:06 -0400] "GET /wp-includes/PHPMailer/OAuth.php HTTP/1.1" 301 795 "binance.com" "Mozilla/5.0 (Windows NT 10.0; Win64; x64) AppleWebKit/537.36 (KHTML, like Gecko) Chrome/90.0.4430.85 Safari/537.36"
164.68.124.27 - - [19/Apr/2026:05:23:17 -0400] "GET /wp-includes/PHPMailer/OAuthTokenProvider.php HTTP/1.1" 301 795 "binance.com" "Mozilla/5.0 (Windows NT 10.0; Win64; x64) AppleWebKit/537.36 (KHTML, like Gecko) Chrome/90.0.4430.85 Safari/537.36"
164.68.124.27 - - [19/Apr/2026:05:23:28 -0400] "GET /wp-includes/PHPMailer/POP3.php HTTP/1.1" 301 795 "binance.com" "Mozilla/5.0 (Windows NT 10.0; Win64; x64) AppleWebKit/537.36 (KHTML, like Gecko) Chrome/90.0.4430.85 Safari/537.36"
167.86.102.235 - - [19/Apr/2026:05:23:30 -0400] "GET /wp-includes/abilities-api.php HTTP/1.1" 301 795 "binance.com" "Mozilla/5.0 (Windows NT 10.0; Win64; x64) AppleWebKit/537.36 (KHTML, like Gecko) Chrome/90.0.4430.85 Safari/537.36"
164.68.124.27 - - [19/Apr/2026:05:23:41 -0400] "GET /wp-includes/Text/ HTTP/1.1" 301 795 "binance.com" "Mozilla/5.0 (Windows NT 10.0; Win64; x64) AppleWebKit/537.36 (KHTML, like Gecko) Chrome/90.0.4430.85 Safari/537.36"
167.86.102.235 - - [19/Apr/2026:05:23:47 -0400] "GET /wp-includes/abilities.php HTTP/1.1" 301 795 "binance.com" "Mozilla/5.0 (Windows NT 10.0; Win64; x64) AppleWebKit/537.36 (KHTML, like Gecko) Chrome/90.0.4430.85 Safari/537.36"
167.86.102.235 - - [19/Apr/2026:05:24:03 -0400] "GET /wp-includes/block-bindings.php HTTP/1.1" 301 795 "binance.com" "Mozilla/5.0 (Windows NT 10.0; Win64; x64) AppleWebKit/537.36 (KHTML, like Gecko) Chrome/90.0.4430.85 Safari/537.36"
164.68.124.27 - - [19/Apr/2026:05:24:04 -0400] "GET /wp-includes/Text/ HTTP/1.1" 301 795 "binance.com" "Mozilla/5.0 (Windows NT 10.0; Win64; x64) AppleWebKit/537.36 (KHTML, like Gecko) Chrome/90.0.4430.85 Safari/537.36"
167.86.102.235 - - [19/Apr/2026:05:24:20 -0400] "GET /wp-includes/block-editor.php HTTP/1.1" 301 795 "binance.com" "Mozilla/5.0 (Windows NT 10.0; Win64; x64) AppleWebKit/537.36 (KHTML, like Gecko) Chrome/90.0.4430.85 Safari/537.36"
164.68.124.27 - - [19/Apr/2026:05:24:23 -0400] "GET /wp-includes/Text/Diff/ HTTP/1.1" 301 795 "binance.com" "Mozilla/5.0 (Windows NT 10.0; Win64; x64) AppleWebKit/537.36 (KHTML, like Gecko) Chrome/90.0.4430.85 Safari/537.36"
167.86.102.235 - - [19/Apr/2026:05:24:37 -0400] "GET /wp-includes/block-template-utils.php HTTP/1.1" 301 795 "binance.com" "Mozilla/5.0 (Windows NT 10.0; Win64; x64) AppleWebKit/537.36 (KHTML, like Gecko) Chrome/90.0.4430.85 Safari/537.36"
164.68.124.27 - - [19/Apr/2026:05:24:43 -0400] "GET /wp-includes/Text/Diff/ HTTP/1.1" 301 795 "binance.com" "Mozilla/5.0 (Windows NT 10.0; Win64; x64) AppleWebKit/537.36 (KHTML, like Gecko) Chrome/90.0.4430.85 Safari/537.36"
167.86.102.235 - - [19/Apr/2026:05:24:55 -0400] "GET /wp-includes/block-template.php HTTP/1.1" 301 795 "binance.com" "Mozilla/5.0 (Windows NT 10.0; Win64; x64) AppleWebKit/537.36 (KHTML, like Gecko) Chrome/90.0.4430.85 Safari/537.36"
164.68.124.27 - - [19/Apr/2026:05:25:00 -0400] "GET /wp-includes/Text/Diff/Engine/ HTTP/1.1" 301 795 "binance.com" "Mozilla/5.0 (Windows NT 10.0; Win64; x64) AppleWebKit/537.36 (KHTML, like Gecko) Chrome/90.0.4430.85 Safari/537.36"
167.86.102.235 - - [19/Apr/2026:05:25:11 -0400] "GET /wp-includes/class-avif-info.php HTTP/1.1" 301 795 "binance.com" "Mozilla/5.0 (Windows NT 10.0; Win64; x64) AppleWebKit/537.36 (KHTML, like Gecko) Chrome/90.0.4430.85 Safari/537.36"
164.68.124.27 - - [19/Apr/2026:05:25:19 -0400] "GET /wp-includes/Text/Diff/Engine/ HTTP/1.1" 301 795 "binance.com" "Mozilla/5.0 (Windows NT 10.0; Win64; x64) AppleWebKit/537.36 (KHTML, like Gecko) Chrome/90.0.4430.85 Safari/537.36"
167.86.102.235 - - [19/Apr/2026:05:25:39 -0400] "GET /wp-includes/class-wp-block-bindings-registry.php HTTP/1.1" 301 795 "binance.com" "Mozilla/5.0 (Windows NT 10.0; Win64; x64) AppleWebKit/537.36 (KHTML, like Gecko) Chrome/90.0.4430.85 Safari/537.36"
164.68.124.27 - - [19/Apr/2026:05:25:40 -0400] "GET /wp-includes/Text/Diff/Renderer/ HTTP/1.1" 301 795 "binance.com" "Mozilla/5.0 (Windows NT 10.0; Win64; x64) AppleWebKit/537.36 (KHTML, like Gecko) Chrome/90.0.4430.85 Safari/537.36"
167.86.102.235 - - [19/Apr/2026:05:25:54 -0400] "GET /wp-includes/class-wp-block-bindings-source.php HTTP/1.1" 301 795 "binance.com" "Mozilla/5.0 (Windows NT 10.0; Win64; x64) AppleWebKit/537.36 (KHTML, like Gecko) Chrome/90.0.4430.85 Safari/537.36"
164.68.124.27 - - [19/Apr/2026:05:26:00 -0400] "GET /wp-includes/Text/Diff/Renderer/ HTTP/1.1" 301 795 "binance.com" "Mozilla/5.0 (Windows NT 10.0; Win64; x64) AppleWebKit/537.36 (KHTML, like Gecko) Chrome/90.0.4430.85 Safari/537.36"
167.86.102.235 - - [19/Apr/2026:05:26:13 -0400] "GET /wp-includes/class-wp-block-editor-context.php HTTP/1.1" 301 795 "binance.com" "Mozilla/5.0 (Windows NT 10.0; Win64; x64) AppleWebKit/537.36 (KHTML, like Gecko) Chrome/90.0.4430.85 Safari/537.36"
167.86.102.235 - - [19/Apr/2026:05:26:30 -0400] "GET /wp-includes/class-wp-block-metadata-registry.php HTTP/1.1" 301 795 "binance.com" "Mozilla/5.0 (Windows NT 10.0; Win64; x64) AppleWebKit/537.36 (KHTML, like Gecko) Chrome/90.0.4430.85 Safari/537.36"
164.68.124.27 - - [19/Apr/2026:05:26:32 -0400] "GET /wp-includes/blocks/ HTTP/1.1" 301 795 "binance.com" "Mozilla/5.0 (Windows NT 10.0; Win64; x64) AppleWebKit/537.36 (KHTML, like Gecko) Chrome/90.0.4430.85 Safari/537.36"
167.86.102.235 - - [19/Apr/2026:05:26:45 -0400] "GET /wp-includes/class-wp-block-parser-block.php HTTP/1.1" 301 795 "binance.com" "Mozilla/5.0 (Windows NT 10.0; Win64; x64) AppleWebKit/537.36 (KHTML, like Gecko) Chrome/90.0.4430.85 Safari/537.36"
164.68.124.27 - - [19/Apr/2026:05:26:59 -0400] "GET /wp-includes/pomo/ HTTP/1.1" 301 795 "binance.com" "Mozilla/5.0 (Windows NT 10.0; Win64; x64) AppleWebKit/537.36 (KHTML, like Gecko) Chrome/90.0.4430.85 Safari/537.36"
167.86.102.235 - - [19/Apr/2026:05:27:04 -0400] "GET /wp-includes/class-wp-block-parser-frame.php HTTP/1.1" 301 795 "binance.com" "Mozilla/5.0 (Windows NT 10.0; Win64; x64) AppleWebKit/537.36 (KHTML, like Gecko) Chrome/90.0.4430.85 Safari/537.36"
167.86.102.235 - - [19/Apr/2026:05:27:18 -0400] "GET /wp-includes/class-wp-block-processor.php HTTP/1.1" 301 795 "binance.com" "Mozilla/5.0 (Windows NT 10.0; Win64; x64) AppleWebKit/537.36 (KHTML, like Gecko) Chrome/90.0.4430.85 Safari/537.36"
164.68.124.27 - - [19/Apr/2026:05:27:19 -0400] "GET /wp-includes/pomo/ HTTP/1.1" 301 795 "binance.com" "Mozilla/5.0 (Windows NT 10.0; Win64; x64) AppleWebKit/537.36 (KHTML, like Gecko) Chrome/90.0.4430.85 Safari/537.36"
167.86.102.235 - - [19/Apr/2026:05:27:37 -0400] "GET /wp-includes/class-wp-block-template.php HTTP/1.1" 301 795 "binance.com" "Mozilla/5.0 (Windows NT 10.0; Win64; x64) AppleWebKit/537.36 (KHTML, like Gecko) Chrome/90.0.4430.85 Safari/537.36"
164.68.124.27 - - [19/Apr/2026:05:27:39 -0400] "GET /wp-includes/sitemaps/ HTTP/1.1" 301 795 "binance.com" "Mozilla/5.0 (Windows NT 10.0; Win64; x64) AppleWebKit/537.36 (KHTML, like Gecko) Chrome/90.0.4430.85 Safari/537.36"
167.86.102.235 - - [19/Apr/2026:05:27:54 -0400] "GET /wp-includes/class-wp-block-templates-registry.php HTTP/1.1" 301 795 "binance.com" "Mozilla/5.0 (Windows NT 10.0; Win64; x64) AppleWebKit/537.36 (KHTML, like Gecko) Chrome/90.0.4430.85 Safari/537.36"
164.68.124.27 - - [19/Apr/2026:05:28:00 -0400] "GET /wp-includes/sitemaps/ HTTP/1.1" 301 795 "binance.com" "Mozilla/5.0 (Windows NT 10.0; Win64; x64) AppleWebKit/537.36 (KHTML, like Gecko) Chrome/90.0.4430.85 Safari/537.36"
167.86.102.235 - - [19/Apr/2026:05:28:11 -0400] "GET /wp-includes/class-wp-classic-to-block-menu-converter.php HTTP/1.1" 301 795 "binance.com" "Mozilla/5.0 (Windows NT 10.0; Win64; x64) AppleWebKit/537.36 (KHTML, like Gecko) Chrome/90.0.4430.85 Safari/537.36"
164.68.124.27 - - [19/Apr/2026:05:28:22 -0400] "GET /wp-includes/sitemaps/providers/ HTTP/1.1" 301 795 "binance.com" "Mozilla/5.0 (Windows NT 10.0; Win64; x64) AppleWebKit/537.36 (KHTML, like Gecko) Chrome/90.0.4430.85 Safari/537.36"
167.86.102.235 - - [19/Apr/2026:05:28:30 -0400] "GET /wp-includes/class-wp-dependencies.php HTTP/1.1" 301 795 "binance.com" "Mozilla/5.0 (Windows NT 10.0; Win64; x64) AppleWebKit/537.36 (KHTML, like Gecko) Chrome/90.0.4430.85 Safari/537.36"
164.68.124.27 - - [19/Apr/2026:05:28:39 -0400] "GET /wp-includes/sitemaps/providers/ HTTP/1.1" 301 795 "binance.com" "Mozilla/5.0 (Windows NT 10.0; Win64; x64) AppleWebKit/537.36 (KHTML, like Gecko) Chrome/90.0.4430.85 Safari/537.36"
167.86.102.235 - - [19/Apr/2026:05:28:46 -0400] "GET /wp-includes/class-wp-duotone.php HTTP/1.1" 301 795 "binance.com" "Mozilla/5.0 (Windows NT 10.0; Win64; x64) AppleWebKit/537.36 (KHTML, like Gecko) Chrome/90.0.4430.85 Safari/537.36"
164.68.124.27 - - [19/Apr/2026:05:29:00 -0400] "GET /wp-includes/widgets/ HTTP/1.1" 301 795 "binance.com" "Mozilla/5.0 (Windows NT 10.0; Win64; x64) AppleWebKit/537.36 (KHTML, like Gecko) Chrome/90.0.4430.85 Safari/537.36"
167.86.102.235 - - [19/Apr/2026:05:29:04 -0400] "GET /wp-includes/class-wp-exception.php HTTP/1.1" 301 795 "binance.com" "Mozilla/5.0 (Windows NT 10.0; Win64; x64) AppleWebKit/537.36 (KHTML, like Gecko) Chrome/90.0.4430.85 Safari/537.36"
164.68.124.27 - - [19/Apr/2026:05:29:22 -0400] "GET /wp-includes/widgets/ HTTP/1.1" 301 795 "binance.com" "Mozilla/5.0 (Windows NT 10.0; Win64; x64) AppleWebKit/537.36 (KHTML, like Gecko) Chrome/90.0.4430.85 Safari/537.36"
167.86.102.235 - - [19/Apr/2026:05:29:31 -0400] "GET /wp-includes/class-wp-http.php HTTP/1.1" 301 795 "binance.com" "Mozilla/5.0 (Windows NT 10.0; Win64; x64) AppleWebKit/537.36 (KHTML, like Gecko) Chrome/90.0.4430.85 Safari/537.36"
164.68.124.27 - - [19/Apr/2026:05:29:47 -0400] "GET /wp-includes/widgets/class-wp-widget-block.php HTTP/1.1" 301 795 "binance.com" "Mozilla/5.0 (Windows NT 10.0; Win64; x64) AppleWebKit/537.36 (KHTML, like Gecko) Chrome/90.0.4430.85 Safari/537.36"
167.86.102.235 - - [19/Apr/2026:05:29:50 -0400] "GET /wp-includes/class-wp-navigation-fallback.php HTTP/1.1" 301 795 "binance.com" "Mozilla/5.0 (Windows NT 10.0; Win64; x64) AppleWebKit/537.36 (KHTML, like Gecko) Chrome/90.0.4430.85 Safari/537.36"
164.68.124.27 - - [19/Apr/2026:05:30:02 -0400] "GET /wp-includes/css/ HTTP/1.1" 301 795 "binance.com" "Mozilla/5.0 (Windows NT 10.0; Win64; x64) AppleWebKit/537.36 (KHTML, like Gecko) Chrome/90.0.4430.85 Safari/537.36"
167.86.102.235 - - [19/Apr/2026:05:30:08 -0400] "GET /wp-includes/class-wp-phpmailer.php HTTP/1.1" 301 795 "binance.com" "Mozilla/5.0 (Windows NT 10.0; Win64; x64) AppleWebKit/537.36 (KHTML, like Gecko) Chrome/90.0.4430.85 Safari/537.36"
164.68.124.27 - - [19/Apr/2026:05:30:23 -0400] "GET /wp-includes/css/dist/ HTTP/1.1" 301 795 "binance.com" "Mozilla/5.0 (Windows NT 10.0; Win64; x64) AppleWebKit/537.36 (KHTML, like Gecko) Chrome/90.0.4430.85 Safari/537.36"
167.86.102.235 - - [19/Apr/2026:05:30:27 -0400] "GET /wp-includes/class-wp-plugin-dependencies.php HTTP/1.1" 301 795 "binance.com" "Mozilla/5.0 (Windows NT 10.0; Win64; x64) AppleWebKit/537.36 (KHTML, like Gecko) Chrome/90.0.4430.85 Safari/537.36"
164.68.124.27 - - [19/Apr/2026:05:30:43 -0400] "GET /wp-includes/fonts/ HTTP/1.1" 301 795 "binance.com" "Mozilla/5.0 (Windows NT 10.0; Win64; x64) AppleWebKit/537.36 (KHTML, like Gecko) Chrome/90.0.4430.85 Safari/537.36"
167.86.102.235 - - [19/Apr/2026:05:30:45 -0400] "GET /wp-includes/class-wp-script-modules.php HTTP/1.1" 301 795 "binance.com" "Mozilla/5.0 (Windows NT 10.0; Win64; x64) AppleWebKit/537.36 (KHTML, like Gecko) Chrome/90.0.4430.85 Safari/537.36"
164.68.124.27 - - [19/Apr/2026:05:31:03 -0400] "GET /wp-includes/fonts/ HTTP/1.1" 301 795 "binance.com" "Mozilla/5.0 (Windows NT 10.0; Win64; x64) AppleWebKit/537.36 (KHTML, like Gecko) Chrome/90.0.4430.85 Safari/537.36"
167.86.102.235 - - [19/Apr/2026:05:31:04 -0400] "GET /wp-includes/class-wp-scripts.php HTTP/1.1" 301 795 "binance.com" "Mozilla/5.0 (Windows NT 10.0; Win64; x64) AppleWebKit/537.36 (KHTML, like Gecko) Chrome/90.0.4430.85 Safari/537.36"
167.86.102.235 - - [19/Apr/2026:05:31:22 -0400] "GET /wp-includes/class-wp-speculation-rules.php HTTP/1.1" 301 795 "binance.com" "Mozilla/5.0 (Windows NT 10.0; Win64; x64) AppleWebKit/537.36 (KHTML, like Gecko) Chrome/90.0.4430.85 Safari/537.36"
164.68.124.27 - - [19/Apr/2026:05:31:25 -0400] "GET /wp-includes/fonts/class-wp-font-collection.php HTTP/1.1" 301 795 "binance.com" "Mozilla/5.0 (Windows NT 10.0; Win64; x64) AppleWebKit/537.36 (KHTML, like Gecko) Chrome/90.0.4430.85 Safari/537.36"
164.68.124.27 - - [19/Apr/2026:05:31:37 -0400] "GET /wp-includes/fonts/class-wp-font-face-resolver.php HTTP/1.1" 301 795 "binance.com" "Mozilla/5.0 (Windows NT 10.0; Win64; x64) AppleWebKit/537.36 (KHTML, like Gecko) Chrome/90.0.4430.85 Safari/537.36"
167.86.102.235 - - [19/Apr/2026:05:31:40 -0400] "GET /wp-includes/class-wp-styles.php HTTP/1.1" 301 795 "binance.com" "Mozilla/5.0 (Windows NT 10.0; Win64; x64) AppleWebKit/537.36 (KHTML, like Gecko) Chrome/90.0.4430.85 Safari/537.36"
164.68.124.27 - - [19/Apr/2026:05:31:51 -0400] "GET /wp-includes/fonts/class-wp-font-face.php HTTP/1.1" 301 795 "binance.com" "Mozilla/5.0 (Windows NT 10.0; Win64; x64) AppleWebKit/537.36 (KHTML, like Gecko) Chrome/90.0.4430.85 Safari/537.36"
167.86.102.235 - - [19/Apr/2026:05:31:59 -0400] "GET /wp-includes/class-wp-textdomain-registry.php HTTP/1.1" 301 795 "binance.com" "Mozilla/5.0 (Windows NT 10.0; Win64; x64) AppleWebKit/537.36 (KHTML, like Gecko) Chrome/90.0.4430.85 Safari/537.36"
164.68.124.27 - - [19/Apr/2026:05:32:07 -0400] "GET /wp-includes/fonts/class-wp-font-library.php HTTP/1.1" 301 795 "binance.com" "Mozilla/5.0 (Windows NT 10.0; Win64; x64) AppleWebKit/537.36 (KHTML, like Gecko) Chrome/90.0.4430.85 Safari/537.36"
167.86.102.235 - - [19/Apr/2026:05:32:15 -0400] "GET /wp-includes/class-wp-theme-json-data.php HTTP/1.1" 301 795 "binance.com" "Mozilla/5.0 (Windows NT 10.0; Win64; x64) AppleWebKit/537.36 (KHTML, like Gecko) Chrome/90.0.4430.85 Safari/537.36"
164.68.124.27 - - [19/Apr/2026:05:32:22 -0400] "GET /wp-includes/fonts/class-wp-font-utils.php HTTP/1.1" 301 795 "binance.com" "Mozilla/5.0 (Windows NT 10.0; Win64; x64) AppleWebKit/537.36 (KHTML, like Gecko) Chrome/90.0.4430.85 Safari/537.36"
167.86.102.235 - - [19/Apr/2026:05:32:32 -0400] "GET /wp-includes/class-wp-theme-json-resolver.php HTTP/1.1" 301 795 "binance.com" "Mozilla/5.0 (Windows NT 10.0; Win64; x64) AppleWebKit/537.36 (KHTML, like Gecko) Chrome/90.0.4430.85 Safari/537.36"
164.68.124.27 - - [19/Apr/2026:05:32:36 -0400] "GET /wp-includes/images/ HTTP/1.1" 301 795 "binance.com" "Mozilla/5.0 (Windows NT 10.0; Win64; x64) AppleWebKit/537.36 (KHTML, like Gecko) Chrome/90.0.4430.85 Safari/537.36"
167.86.102.235 - - [19/Apr/2026:05:32:49 -0400] "GET /wp-includes/class-wp-theme-json-schema.php HTTP/1.1" 301 795 "binance.com" "Mozilla/5.0 (Windows NT 10.0; Win64; x64) AppleWebKit/537.36 (KHTML, like Gecko) Chrome/90.0.4430.85 Safari/537.36"
164.68.124.27 - - [19/Apr/2026:05:32:58 -0400] "GET /wp-includes/images/crystal/ HTTP/1.1" 301 795 "binance.com" "Mozilla/5.0 (Windows NT 10.0; Win64; x64) AppleWebKit/537.36 (KHTML, like Gecko) Chrome/90.0.4430.85 Safari/537.36"
167.86.102.235 - - [19/Apr/2026:05:33:12 -0400] "GET /wp-includes/class-wp-theme-json.php HTTP/1.1" 301 795 "binance.com" "Mozilla/5.0 (Windows NT 10.0; Win64; x64) AppleWebKit/537.36 (KHTML, like Gecko) Chrome/90.0.4430.85 Safari/537.36"
164.68.124.27 - - [19/Apr/2026:05:33:20 -0400] "GET /wp-includes/images/media/ HTTP/1.1" 301 795 "binance.com" "Mozilla/5.0 (Windows NT 10.0; Win64; x64) AppleWebKit/537.36 (KHTML, like Gecko) Chrome/90.0.4430.85 Safari/537.36"
167.86.102.235 - - [19/Apr/2026:05:33:29 -0400] "GET /wp-includes/class-wp-token-map.php HTTP/1.1" 301 795 "binance.com" "Mozilla/5.0 (Windows NT 10.0; Win64; x64) AppleWebKit/537.36 (KHTML, like Gecko) Chrome/90.0.4430.85 Safari/537.36"
164.68.124.27 - - [19/Apr/2026:05:33:39 -0400] "GET /wp-includes/images/smilies/ HTTP/1.1" 301 795 "binance.com" "Mozilla/5.0 (Windows NT 10.0; Win64; x64) AppleWebKit/537.36 (KHTML, like Gecko) Chrome/90.0.4430.85 Safari/537.36"
